{"id":2972,"date":"2023-03-23T11:44:44","date_gmt":"2023-03-23T14:44:44","guid":{"rendered":"https:\/\/www.emporioamazonervas.com.br\/?post_type=product&#038;p=2972"},"modified":"2023-04-03T18:56:59","modified_gmt":"2023-04-03T21:56:59","slug":"oleo-de-sucupira-60-caps-500mg-natus-verde","status":"publish","type":"product","link":"https:\/\/www.emporioamazonervas.com.br\/index.php\/produto\/oleo-de-sucupira-60-caps-500mg-natus-verde\/","title":{"rendered":"\u00d3leo de Sucupira 60 Caps 500mg &#8211; Natus Verde"},"content":{"rendered":"<p style=\"text-align: justify\">BENEF\u00cdCIOS DO \u00d3LEO DA SUCUPIRA<\/p>\n<p>1 \u2013 Propriedade Antiss\u00e9ptica<br \/>\nO \u00d3leo de Sucupira \u00e9 indicado para evitar a contamina\u00e7\u00e3o em uma ferida, machucado aberto, inibir a prolifera\u00e7\u00e3o de bact\u00e9rias e micro-organismos na superf\u00edcie da pele e de mucosas.<br \/>\nEle possui seu valor antiss\u00e9ptico reconhecido por quem o utiliza.<\/p>\n<p>2 \u2013 Propriedade Antibi\u00f3tica<br \/>\nSua fun\u00e7\u00e3o antibi\u00f3tica indica que pode ser utilizado para combater as infec\u00e7\u00f5es causadas por bact\u00e9rias no corpo humano.<\/p>\n<p>3 \u2013 Propriedade Anti-inflamat\u00f3ria<br \/>\nAs inflama\u00e7\u00f5es nos tecidos podem ser inibidas pelo uso do \u00d3leo de Sucupira. Dores musculares tamb\u00e9m podem ser amenizadas com a utiliza\u00e7\u00e3o do \u00f3leo, tanto ingerido quanto usado em massagem local.<\/p>\n<p>4 \u2013 Propriedade Analg\u00e9sica<br \/>\nO \u00d3leo de Sucupira \u00e9 utilizado para o al\u00edvio de diversos tipos de dores, especialmente dores relacionadas a inflama\u00e7\u00f5es.<\/p>\n","protected":false},"excerpt":{"rendered":"<p>BENEF\u00cdCIOS DO \u00d3LEO DA SUCUPIRA 1 \u2013 Propriedade Antiss\u00e9ptica O \u00d3leo de Sucupira \u00e9 indicado<a class=\"read-more\" href=\"https:\/\/www.emporioamazonervas.com.br\/index.php\/produto\/oleo-de-sucupira-60-caps-500mg-natus-verde\/\">&#8230;<\/a><\/p>\n","protected":false},"featured_media":2973,"comment_status":"open","ping_status":"closed","template":"","meta":[],"product_cat":[173],"product_tag":[895,680,507,523,1029,1030],"_links":{"self":[{"href":"https:\/\/www.emporioamazonervas.com.br\/index.php\/wp-json\/wp\/v2\/product\/2972"}],"collection":[{"href":"https:\/\/www.emporioamazonervas.com.br\/index.php\/wp-json\/wp\/v2\/product"}],"about":[{"href":"https:\/\/www.emporioamazonervas.com.br\/index.php\/wp-json\/wp\/v2\/types\/product"}],"replies":[{"embeddable":true,"href":"https:\/\/www.emporioamazonervas.com.br\/index.php\/wp-json\/wp\/v2\/comments?post=2972"}],"wp:featuredmedia":[{"embeddable":true,"href":"https:\/\/www.emporioamazonervas.com.br\/index.php\/wp-json\/wp\/v2\/media\/2973"}],"wp:attachment":[{"href":"https:\/\/www.emporioamazonervas.com.br\/index.php\/wp-json\/wp\/v2\/media?parent=2972"}],"wp:term":[{"taxonomy":"product_cat","embeddable":true,"href":"https:\/\/www.emporioamazonervas.com.br\/index.php\/wp-json\/wp\/v2\/product_cat?post=2972"},{"taxonomy":"product_tag","embeddable":true,"href":"https:\/\/www.emporioamazonervas.com.br\/index.php\/wp-json\/wp\/v2\/product_tag?post=2972"}],"curies":[{"name":"wp","href":"https:\/\/api.w.org\/{rel}","templated":true}]}}