{"id":2958,"date":"2023-03-22T12:12:44","date_gmt":"2023-03-22T15:12:44","guid":{"rendered":"https:\/\/www.emporioamazonervas.com.br\/?post_type=product&#038;p=2958"},"modified":"2023-03-24T10:17:24","modified_gmt":"2023-03-24T13:17:24","slug":"cavalinha-60-caps-500mg-natus-verde","status":"publish","type":"product","link":"https:\/\/www.emporioamazonervas.com.br\/index.php\/produto\/cavalinha-60-caps-500mg-natus-verde\/","title":{"rendered":"Cavalinha 60 Caps 500mg &#8211; Natus Verde"},"content":{"rendered":"<p style=\"text-align: justify\">A cavalinha \u00e9 fonte de diversos sais minerais, como pot\u00e1ssio, c\u00e1lcio, f\u00f3sforo e compostos hidrossol\u00faveis derivados do sil\u00edcio, saponinas, flavonoides e vitamina C. Cavalinha \u00e9 recomendada para ajudar no emagrecimento, \u00e9 diur\u00e9tica, reduz o incha\u00e7o, colabora para a elimina\u00e7\u00e3o de toxinas e melhoras a sa\u00fade da pele.<\/p>\n","protected":false},"excerpt":{"rendered":"<p>A cavalinha \u00e9 fonte de diversos sais minerais, como pot\u00e1ssio, c\u00e1lcio, f\u00f3sforo e compostos hidrossol\u00faveis<a class=\"read-more\" href=\"https:\/\/www.emporioamazonervas.com.br\/index.php\/produto\/cavalinha-60-caps-500mg-natus-verde\/\">&#8230;<\/a><\/p>\n","protected":false},"featured_media":2959,"comment_status":"open","ping_status":"closed","template":"","meta":[],"product_cat":[173],"product_tag":[704,316,541,236,187,609,467,1023,113],"_links":{"self":[{"href":"https:\/\/www.emporioamazonervas.com.br\/index.php\/wp-json\/wp\/v2\/product\/2958"}],"collection":[{"href":"https:\/\/www.emporioamazonervas.com.br\/index.php\/wp-json\/wp\/v2\/product"}],"about":[{"href":"https:\/\/www.emporioamazonervas.com.br\/index.php\/wp-json\/wp\/v2\/types\/product"}],"replies":[{"embeddable":true,"href":"https:\/\/www.emporioamazonervas.com.br\/index.php\/wp-json\/wp\/v2\/comments?post=2958"}],"wp:featuredmedia":[{"embeddable":true,"href":"https:\/\/www.emporioamazonervas.com.br\/index.php\/wp-json\/wp\/v2\/media\/2959"}],"wp:attachment":[{"href":"https:\/\/www.emporioamazonervas.com.br\/index.php\/wp-json\/wp\/v2\/media?parent=2958"}],"wp:term":[{"taxonomy":"product_cat","embeddable":true,"href":"https:\/\/www.emporioamazonervas.com.br\/index.php\/wp-json\/wp\/v2\/product_cat?post=2958"},{"taxonomy":"product_tag","embeddable":true,"href":"https:\/\/www.emporioamazonervas.com.br\/index.php\/wp-json\/wp\/v2\/product_tag?post=2958"}],"curies":[{"name":"wp","href":"https:\/\/api.w.org\/{rel}","templated":true}]}}