{"id":2948,"date":"2023-03-21T12:13:34","date_gmt":"2023-03-21T15:13:34","guid":{"rendered":"https:\/\/www.emporioamazonervas.com.br\/?post_type=product&#038;p=2948"},"modified":"2023-03-24T10:18:04","modified_gmt":"2023-03-24T13:18:04","slug":"passiflora-60-caps-500mg-natus-verde","status":"publish","type":"product","link":"https:\/\/www.emporioamazonervas.com.br\/index.php\/produto\/passiflora-60-caps-500mg-natus-verde\/","title":{"rendered":"Passiflora 60 Caps 500mg &#8211; Natus Verde"},"content":{"rendered":"<p>A passiflora ajuda a tratar o nervosismo, stress e ansiedade. Embalado com alcaloides e flavonoides \u00e9 um forte sedativo e relaxante, ajudando a aliviar qualquer dor ou inquieta\u00e7\u00e3o do corpo e garantir que voc\u00ea receba um sono mais tranquilo.<\/p>\n<p>Benef\u00edcios:<\/p>\n<ul>\n<li>Auxilia no sono;<\/li>\n<li>Efeito calmante;<\/li>\n<li>Controla a ansiedade;<\/li>\n<li>Relaxante.<\/li>\n<\/ul>\n","protected":false},"excerpt":{"rendered":"<p>A passiflora ajuda a tratar o nervosismo, stress e ansiedade. Embalado com alcaloides e flavonoides<a class=\"read-more\" href=\"https:\/\/www.emporioamazonervas.com.br\/index.php\/produto\/passiflora-60-caps-500mg-natus-verde\/\">&#8230;<\/a><\/p>\n","protected":false},"featured_media":2949,"comment_status":"open","ping_status":"closed","template":"","meta":[],"product_cat":[173],"product_tag":[690,511,691,1017,885,955,865,662],"_links":{"self":[{"href":"https:\/\/www.emporioamazonervas.com.br\/index.php\/wp-json\/wp\/v2\/product\/2948"}],"collection":[{"href":"https:\/\/www.emporioamazonervas.com.br\/index.php\/wp-json\/wp\/v2\/product"}],"about":[{"href":"https:\/\/www.emporioamazonervas.com.br\/index.php\/wp-json\/wp\/v2\/types\/product"}],"replies":[{"embeddable":true,"href":"https:\/\/www.emporioamazonervas.com.br\/index.php\/wp-json\/wp\/v2\/comments?post=2948"}],"wp:featuredmedia":[{"embeddable":true,"href":"https:\/\/www.emporioamazonervas.com.br\/index.php\/wp-json\/wp\/v2\/media\/2949"}],"wp:attachment":[{"href":"https:\/\/www.emporioamazonervas.com.br\/index.php\/wp-json\/wp\/v2\/media?parent=2948"}],"wp:term":[{"taxonomy":"product_cat","embeddable":true,"href":"https:\/\/www.emporioamazonervas.com.br\/index.php\/wp-json\/wp\/v2\/product_cat?post=2948"},{"taxonomy":"product_tag","embeddable":true,"href":"https:\/\/www.emporioamazonervas.com.br\/index.php\/wp-json\/wp\/v2\/product_tag?post=2948"}],"curies":[{"name":"wp","href":"https:\/\/api.w.org\/{rel}","templated":true}]}}