{"id":2933,"date":"2023-03-20T12:13:13","date_gmt":"2023-03-20T15:13:13","guid":{"rendered":"https:\/\/www.emporioamazonervas.com.br\/?post_type=product&#038;p=2933"},"modified":"2023-03-21T17:31:28","modified_gmt":"2023-03-21T20:31:28","slug":"glucosamina-condroitina-colageno-tipo-2-60-caps-600mg-clinicmais","status":"publish","type":"product","link":"https:\/\/www.emporioamazonervas.com.br\/index.php\/produto\/glucosamina-condroitina-colageno-tipo-2-60-caps-600mg-clinicmais\/","title":{"rendered":"Glucosamina + Condroitina + Col\u00e1geno Tipo 2 \/ 60 Caps 600mg &#8211; ClinicMais"},"content":{"rendered":"<p style=\"text-align: justify\">A glucosamina e condroitina s\u00e3o duas subst\u00e2ncias, na forma de suplementos, utilizadas para o tratamento da artrite, artrose, dor nas juntas, pois t\u00eam propriedades anti-inflamat\u00f3rias, ajudando a lubrificar, regenerar e manter a elasticidade das cartilagens nas articula\u00e7\u00f5es, reduzindo a dor e a inflama\u00e7\u00e3o gradualmente ao longo do tempo. Col\u00e1geno Tipo II\u00a0\u00e9 espec\u00edfico para sa\u00fade das articula\u00e7\u00f5es, ossos e cartilagens, com propriedades anti-inflamat\u00f3rias, reduzindo e prevenindo dores e inflama\u00e7\u00f5es. Portanto, a jun\u00e7\u00e3o destes 3 produtos se transforma em uma \u00f3tima para sua sa\u00fade \u00f3ssea e das articula\u00e7\u00f5es.<\/p>\n<p style=\"text-align: justify\">Ajuda no combate e tratamento da osteoartrite e doen\u00e7as relacionada \u00e0s articula\u00e7\u00f5es;<\/p>\n<p style=\"text-align: justify\">Auxilia na manuten\u00e7\u00e3o da sa\u00fade das articula\u00e7\u00f5es;<\/p>\n<p style=\"text-align: justify\">Ajuda a evitar desgastes das cartilagens que podem causar dor, desconforto e inflama\u00e7\u00f5es nas articula\u00e7\u00f5es;<\/p>\n<p style=\"text-align: justify\">Auxilia na manuten\u00e7\u00e3o da resist\u00eancia, tra\u00e7\u00e3o e firmeza da cartilagem;<\/p>\n<p style=\"text-align: justify\">Ajuda a promover a mobilidade e flexibilidade das articula\u00e7\u00f5es.<\/p>\n","protected":false},"excerpt":{"rendered":"<p>A glucosamina e condroitina s\u00e3o duas subst\u00e2ncias, na forma de suplementos, utilizadas para o tratamento<a class=\"read-more\" href=\"https:\/\/www.emporioamazonervas.com.br\/index.php\/produto\/glucosamina-condroitina-colageno-tipo-2-60-caps-600mg-clinicmais\/\">&#8230;<\/a><\/p>\n","protected":false},"featured_media":2934,"comment_status":"open","ping_status":"closed","template":"","meta":[],"product_cat":[173],"product_tag":[507,638,88,584,1011,646,713,1010,1012],"_links":{"self":[{"href":"https:\/\/www.emporioamazonervas.com.br\/index.php\/wp-json\/wp\/v2\/product\/2933"}],"collection":[{"href":"https:\/\/www.emporioamazonervas.com.br\/index.php\/wp-json\/wp\/v2\/product"}],"about":[{"href":"https:\/\/www.emporioamazonervas.com.br\/index.php\/wp-json\/wp\/v2\/types\/product"}],"replies":[{"embeddable":true,"href":"https:\/\/www.emporioamazonervas.com.br\/index.php\/wp-json\/wp\/v2\/comments?post=2933"}],"wp:featuredmedia":[{"embeddable":true,"href":"https:\/\/www.emporioamazonervas.com.br\/index.php\/wp-json\/wp\/v2\/media\/2934"}],"wp:attachment":[{"href":"https:\/\/www.emporioamazonervas.com.br\/index.php\/wp-json\/wp\/v2\/media?parent=2933"}],"wp:term":[{"taxonomy":"product_cat","embeddable":true,"href":"https:\/\/www.emporioamazonervas.com.br\/index.php\/wp-json\/wp\/v2\/product_cat?post=2933"},{"taxonomy":"product_tag","embeddable":true,"href":"https:\/\/www.emporioamazonervas.com.br\/index.php\/wp-json\/wp\/v2\/product_tag?post=2933"}],"curies":[{"name":"wp","href":"https:\/\/api.w.org\/{rel}","templated":true}]}}