{"id":2853,"date":"2023-02-07T18:01:13","date_gmt":"2023-02-07T21:01:13","guid":{"rendered":"https:\/\/www.emporioamazonervas.com.br\/?post_type=product&#038;p=2853"},"modified":"2023-03-21T10:19:36","modified_gmt":"2023-03-21T13:19:36","slug":"uva-ursi-60-caps-500mg-natus-verde","status":"publish","type":"product","link":"https:\/\/www.emporioamazonervas.com.br\/index.php\/produto\/uva-ursi-60-caps-500mg-natus-verde\/","title":{"rendered":"Uva Ursi 60 caps 500mg &#8211; Natus Verde"},"content":{"rendered":"<p>Possui a\u00e7\u00e3o diur\u00e9tica, antiss\u00e9ptica e anti-inflamat\u00f3ria sobre as vias urin\u00e1rias, devido \u00e0 presen\u00e7a de glicos\u00eddicos, flavonoides e arbutina (\u00e9 transformada pelos rins em hidroquinona).<\/p>\n","protected":false},"excerpt":{"rendered":"<p>Possui a\u00e7\u00e3o diur\u00e9tica, antiss\u00e9ptica e anti-inflamat\u00f3ria sobre as vias urin\u00e1rias, devido \u00e0 presen\u00e7a de glicos\u00eddicos,<a class=\"read-more\" href=\"https:\/\/www.emporioamazonervas.com.br\/index.php\/produto\/uva-ursi-60-caps-500mg-natus-verde\/\">&#8230;<\/a><\/p>\n","protected":false},"featured_media":2854,"comment_status":"open","ping_status":"closed","template":"","meta":[],"product_cat":[173],"product_tag":[895,507,784,599,973,972],"_links":{"self":[{"href":"https:\/\/www.emporioamazonervas.com.br\/index.php\/wp-json\/wp\/v2\/product\/2853"}],"collection":[{"href":"https:\/\/www.emporioamazonervas.com.br\/index.php\/wp-json\/wp\/v2\/product"}],"about":[{"href":"https:\/\/www.emporioamazonervas.com.br\/index.php\/wp-json\/wp\/v2\/types\/product"}],"replies":[{"embeddable":true,"href":"https:\/\/www.emporioamazonervas.com.br\/index.php\/wp-json\/wp\/v2\/comments?post=2853"}],"wp:featuredmedia":[{"embeddable":true,"href":"https:\/\/www.emporioamazonervas.com.br\/index.php\/wp-json\/wp\/v2\/media\/2854"}],"wp:attachment":[{"href":"https:\/\/www.emporioamazonervas.com.br\/index.php\/wp-json\/wp\/v2\/media?parent=2853"}],"wp:term":[{"taxonomy":"product_cat","embeddable":true,"href":"https:\/\/www.emporioamazonervas.com.br\/index.php\/wp-json\/wp\/v2\/product_cat?post=2853"},{"taxonomy":"product_tag","embeddable":true,"href":"https:\/\/www.emporioamazonervas.com.br\/index.php\/wp-json\/wp\/v2\/product_tag?post=2853"}],"curies":[{"name":"wp","href":"https:\/\/api.w.org\/{rel}","templated":true}]}}