{"id":2812,"date":"2022-12-27T17:03:17","date_gmt":"2022-12-27T20:03:17","guid":{"rendered":"https:\/\/www.emporioamazonervas.com.br\/?post_type=product&#038;p=2812"},"modified":"2022-12-29T16:52:15","modified_gmt":"2022-12-29T19:52:15","slug":"vinagre-de-maca-com-um-toque-de-ervas-finas-400ml-almaromi","status":"publish","type":"product","link":"https:\/\/www.emporioamazonervas.com.br\/index.php\/produto\/vinagre-de-maca-com-um-toque-de-ervas-finas-400ml-almaromi\/","title":{"rendered":"Vinagre de Ma\u00e7\u00e3 com um toque de Ervas Finas 400ml &#8211; Almaromi"},"content":{"rendered":"<p><strong>Zero \u00e1lcool e Sem bisfenol-A<\/strong><\/p>\n<p style=\"text-align: justify\">O Vinagre de Ma\u00e7\u00e3 com um Toque de Ervas Finas Almaromi \u00e9 100% natural e produzido para atender os mais exigentes paladares. Possui acidez de 4%, \u00a0embalagem especial e \u00e9 apresentado em garrafa de 400 ml.<\/p>\n","protected":false},"excerpt":{"rendered":"<p>Zero \u00e1lcool e Sem bisfenol-A O Vinagre de Ma\u00e7\u00e3 com um Toque de Ervas Finas<a class=\"read-more\" href=\"https:\/\/www.emporioamazonervas.com.br\/index.php\/produto\/vinagre-de-maca-com-um-toque-de-ervas-finas-400ml-almaromi\/\">&#8230;<\/a><\/p>\n","protected":false},"featured_media":2814,"comment_status":"open","ping_status":"closed","template":"","meta":[],"product_cat":[109],"product_tag":[204,956,958,824,699],"_links":{"self":[{"href":"https:\/\/www.emporioamazonervas.com.br\/index.php\/wp-json\/wp\/v2\/product\/2812"}],"collection":[{"href":"https:\/\/www.emporioamazonervas.com.br\/index.php\/wp-json\/wp\/v2\/product"}],"about":[{"href":"https:\/\/www.emporioamazonervas.com.br\/index.php\/wp-json\/wp\/v2\/types\/product"}],"replies":[{"embeddable":true,"href":"https:\/\/www.emporioamazonervas.com.br\/index.php\/wp-json\/wp\/v2\/comments?post=2812"}],"wp:featuredmedia":[{"embeddable":true,"href":"https:\/\/www.emporioamazonervas.com.br\/index.php\/wp-json\/wp\/v2\/media\/2814"}],"wp:attachment":[{"href":"https:\/\/www.emporioamazonervas.com.br\/index.php\/wp-json\/wp\/v2\/media?parent=2812"}],"wp:term":[{"taxonomy":"product_cat","embeddable":true,"href":"https:\/\/www.emporioamazonervas.com.br\/index.php\/wp-json\/wp\/v2\/product_cat?post=2812"},{"taxonomy":"product_tag","embeddable":true,"href":"https:\/\/www.emporioamazonervas.com.br\/index.php\/wp-json\/wp\/v2\/product_tag?post=2812"}],"curies":[{"name":"wp","href":"https:\/\/api.w.org\/{rel}","templated":true}]}}