{"id":2725,"date":"2022-12-16T17:12:38","date_gmt":"2022-12-16T20:12:38","guid":{"rendered":"https:\/\/www.emporioamazonervas.com.br\/?post_type=product&#038;p=2725"},"modified":"2022-12-16T17:13:09","modified_gmt":"2022-12-16T20:13:09","slug":"vo2-whey-bar-sabor-frutas-vermelhas-integralmedica","status":"publish","type":"product","link":"https:\/\/www.emporioamazonervas.com.br\/index.php\/produto\/vo2-whey-bar-sabor-frutas-vermelhas-integralmedica\/","title":{"rendered":"VO2 Whey Bar Sabor: Frutas Vermelhas &#8211; Integralm\u00e9dica"},"content":{"rendered":"<p style=\"text-align: justify\">Uma op\u00e7\u00e3o pr\u00e1tica, saborosa e extremamente nutritiva para o seu dia a dia. A\u00a0<strong>VO2 Whey Bar<\/strong>\u00a0\u00e9 um\u00a0<strong>alimento proteico para se manter na dieta<\/strong>, alcan\u00e7ar a ingest\u00e3o de prote\u00ednas di\u00e1rias e ainda aproveitar para comer um doce sem culpa.<\/p>\n<p style=\"text-align: justify\">Com um \u00f3timo custo benef\u00edcio, sua f\u00f3rmula oferta\u00a0<strong>9 g de prote\u00edna de alto valor biol\u00f3gico como whey protein<\/strong>\u00a0e outros nutrientes importantes, como vitaminas e minerais.<\/p>\n<p style=\"text-align: justify\">Pode ser consumida no pr\u00e9 e p\u00f3s treino ou em lanches intermedi\u00e1rios, principalmente quando o objetivo \u00e9 a saciedade que a prote\u00edna oferece, al\u00e9m de ser uma \u00f3tima op\u00e7\u00e3o para quebrar a rotina da dieta durante o dia.<\/p>\n","protected":false},"excerpt":{"rendered":"<p>Uma op\u00e7\u00e3o pr\u00e1tica, saborosa e extremamente nutritiva para o seu dia a dia. A\u00a0VO2 Whey<a class=\"read-more\" href=\"https:\/\/www.emporioamazonervas.com.br\/index.php\/produto\/vo2-whey-bar-sabor-frutas-vermelhas-integralmedica\/\">&#8230;<\/a><\/p>\n","protected":false},"featured_media":2727,"comment_status":"open","ping_status":"closed","template":"","meta":[],"product_cat":[941],"product_tag":[943,185,409,371,842,591,513,430],"_links":{"self":[{"href":"https:\/\/www.emporioamazonervas.com.br\/index.php\/wp-json\/wp\/v2\/product\/2725"}],"collection":[{"href":"https:\/\/www.emporioamazonervas.com.br\/index.php\/wp-json\/wp\/v2\/product"}],"about":[{"href":"https:\/\/www.emporioamazonervas.com.br\/index.php\/wp-json\/wp\/v2\/types\/product"}],"replies":[{"embeddable":true,"href":"https:\/\/www.emporioamazonervas.com.br\/index.php\/wp-json\/wp\/v2\/comments?post=2725"}],"wp:featuredmedia":[{"embeddable":true,"href":"https:\/\/www.emporioamazonervas.com.br\/index.php\/wp-json\/wp\/v2\/media\/2727"}],"wp:attachment":[{"href":"https:\/\/www.emporioamazonervas.com.br\/index.php\/wp-json\/wp\/v2\/media?parent=2725"}],"wp:term":[{"taxonomy":"product_cat","embeddable":true,"href":"https:\/\/www.emporioamazonervas.com.br\/index.php\/wp-json\/wp\/v2\/product_cat?post=2725"},{"taxonomy":"product_tag","embeddable":true,"href":"https:\/\/www.emporioamazonervas.com.br\/index.php\/wp-json\/wp\/v2\/product_tag?post=2725"}],"curies":[{"name":"wp","href":"https:\/\/api.w.org\/{rel}","templated":true}]}}