{"id":2721,"date":"2022-12-16T16:55:52","date_gmt":"2022-12-16T19:55:52","guid":{"rendered":"https:\/\/www.emporioamazonervas.com.br\/?post_type=product&#038;p=2721"},"modified":"2023-02-18T21:06:42","modified_gmt":"2023-02-19T00:06:42","slug":"protein-crisp-bar-sabor-leite-ninho-com-creme-de-avela-integralmedica","status":"publish","type":"product","link":"https:\/\/www.emporioamazonervas.com.br\/index.php\/produto\/protein-crisp-bar-sabor-leite-ninho-com-creme-de-avela-integralmedica\/","title":{"rendered":"Protein Crisp Bar Sabor: Leite Ninho com Creme de Avel\u00e3 &#8211; Integralm\u00e9dica"},"content":{"rendered":"<p style=\"text-align: justify\">Deu vontade de comer doce sem sair da dieta?\u00a0<strong>Protein Crisp<\/strong>\u00a0\u00e9 o\u00a0<strong>snack com 13 g de prote\u00edna por barra e baixa caloria.<\/strong>\u00a0\u00d3tima fonte de vitaminas, minerais e fibras, ajuda a saciar a fome e evitar o catabolismo. Pode ser facilmente encaixada em\u00a0<strong>dietas para emagrecimento<\/strong>.<\/p>\n<p style=\"text-align: justify\">A\u00a0<strong>Protein Crisp<\/strong>\u00a0\u00e9 uma barra de prote\u00edna completa, unindo \u00f3tima qualidade na composi\u00e7\u00e3o de seus nutrientes com\u00a0<strong>praticidade de consumo<\/strong>.<\/p>\n<p style=\"text-align: justify\">Tem \u00f3tima digest\u00e3o \u00e9 excelente para quem busca uma op\u00e7\u00e3o saud\u00e1vel de alimento proteico para incluir em dietas de variados objetivos como:\u00a0<strong>aumento de massa magra, perda de gordura e reposi\u00e7\u00e3o de prote\u00ednas,<\/strong>\u00a0por exemplo.<\/p>\n<p style=\"text-align: justify\">Pode facilmente ser utilizada como substituto de alimentos doces, tendo textura macia e crocante.<\/p>\n<p style=\"text-align: justify\">Protein Crisp \u00e9 formulada com\u00a0<strong>Whey Protein<\/strong>\u00a0e isenta de gl\u00faten pode ser consumida no pr\u00e9 e p\u00f3s treino, entre as refei\u00e7\u00f5es (lanches intermedi\u00e1rios) e substituta de sobremesas.<\/p>\n","protected":false},"excerpt":{"rendered":"<p style=\"text-align: justify\">Deu vontade de comer doce sem sair da dieta?\u00a0<strong>Protein Crisp<\/strong>\u00a0\u00e9 o\u00a0<strong>snack com 13 g de prote\u00edna por barra e baixa caloria.<\/strong>\u00a0\u00d3tima fonte de vitaminas, minerais e fibras, ajuda a saciar a fome e evitar o catabolismo. Pode ser facilmente encaixada em\u00a0<strong>dietas para emagrecimento<\/strong>.<\/p>\n","protected":false},"featured_media":2729,"comment_status":"open","ping_status":"closed","template":"","meta":[],"product_cat":[941],"product_tag":[944,943,185,409,633,842,942,430],"_links":{"self":[{"href":"https:\/\/www.emporioamazonervas.com.br\/index.php\/wp-json\/wp\/v2\/product\/2721"}],"collection":[{"href":"https:\/\/www.emporioamazonervas.com.br\/index.php\/wp-json\/wp\/v2\/product"}],"about":[{"href":"https:\/\/www.emporioamazonervas.com.br\/index.php\/wp-json\/wp\/v2\/types\/product"}],"replies":[{"embeddable":true,"href":"https:\/\/www.emporioamazonervas.com.br\/index.php\/wp-json\/wp\/v2\/comments?post=2721"}],"wp:featuredmedia":[{"embeddable":true,"href":"https:\/\/www.emporioamazonervas.com.br\/index.php\/wp-json\/wp\/v2\/media\/2729"}],"wp:attachment":[{"href":"https:\/\/www.emporioamazonervas.com.br\/index.php\/wp-json\/wp\/v2\/media?parent=2721"}],"wp:term":[{"taxonomy":"product_cat","embeddable":true,"href":"https:\/\/www.emporioamazonervas.com.br\/index.php\/wp-json\/wp\/v2\/product_cat?post=2721"},{"taxonomy":"product_tag","embeddable":true,"href":"https:\/\/www.emporioamazonervas.com.br\/index.php\/wp-json\/wp\/v2\/product_tag?post=2721"}],"curies":[{"name":"wp","href":"https:\/\/api.w.org\/{rel}","templated":true}]}}