{"id":2621,"date":"2022-12-09T12:27:27","date_gmt":"2022-12-09T15:27:27","guid":{"rendered":"https:\/\/www.emporioamazonervas.com.br\/?post_type=product&#038;p=2621"},"modified":"2022-12-09T12:27:27","modified_gmt":"2022-12-09T15:27:27","slug":"blend-oleo-essencial-kids-respira-bem-10ml-via-aroma","status":"publish","type":"product","link":"https:\/\/www.emporioamazonervas.com.br\/index.php\/produto\/blend-oleo-essencial-kids-respira-bem-10ml-via-aroma\/","title":{"rendered":"Blend \u00d3leo Essencial Kids Respira Bem 10ml &#8211; Via Aroma"},"content":{"rendered":"<p style=\"text-align: justify\">Os Blends de \u00d3leos Essenciais Kids Via Aroma foram desenvolvidos especialmente para as crian\u00e7as. O\u00a0<b>Blend Kids Respira bem\u00a0<\/b>\u00e9 o melhor aliado dos pais para ajudar com sintomas respirat\u00f3rios como nariz entupido e problemas de respira\u00e7\u00e3o. Ao inalar, auxilia a desobstruir as vias respirat\u00f3rias.<\/p>\n<ul style=\"text-align: justify\">\n<li>Indicado para\u00a0<b>crian\u00e7as<\/b>\u00a0<b>maiores de 3 anos<\/b>;<\/li>\n<li>Sinergia de \u00f3leos essenciais naturais e puros;<\/li>\n<li>Ajuda as crian\u00e7as a respirar melhor;<\/li>\n<li>Com \u00f3leo essencial de Lim\u00e3o Siciliano, Eucaliptus Globulus, Copa\u00edba Branca e Lavanda.<\/li>\n<\/ul>\n<p style=\"text-align: justify\">Confira os \u00d3leos Essenciais Via Aroma presentes nesta composi\u00e7\u00e3o:<\/p>\n<p style=\"text-align: justify\"><b>\u00d3leo Essencial de Copa\u00edba Branca<\/b><\/p>\n<ul style=\"text-align: justify\">\n<li>Calmante e suave, auxilia com sintomas de ansiedade e depress\u00e3o, crises de p\u00e2nico e medo infantil;<\/li>\n<li>A\u00e7\u00e3o anti-inflamat\u00f3ria, analg\u00e9sica e antial\u00e9rgica, \u00e9 muito suave para a pele e pode ajudar com dores musculares.<\/li>\n<\/ul>\n<p style=\"text-align: justify\"><b>\u00d3leo Essencial de Lavanda<\/b><\/p>\n<ul style=\"text-align: justify\">\n<li>Relaxante e calmante, \u00e9 um \u00f3leo bastante suave que ajuda a reduzir ansiedade e estresse infantil;<\/li>\n<li>A\u00e7\u00e3o anti-inflamat\u00f3ria, analg\u00e9sica, antiss\u00e9ptica e ajuda a melhorar a imunidade das crian\u00e7as.<\/li>\n<\/ul>\n<p style=\"text-align: justify\"><b>\u00d3leo Essencial de Lim\u00e3o Siciliano<\/b><\/p>\n<ul style=\"text-align: justify\">\n<li>Auxilia na limpeza mental, trazendo foco e clareza. \u00d3tima op\u00e7\u00e3o para aumentar a capacidade de aten\u00e7\u00e3o, al\u00e9m de reduzir o sono e cansa\u00e7o;<\/li>\n<li>Ben\u00e9fico para o sistema respirat\u00f3rio no geral, tem a\u00e7\u00e3o expectorante e diur\u00e9tica, al\u00e9m de melhorar a imunidade do organismo das crian\u00e7as.<\/li>\n<\/ul>\n<p style=\"text-align: justify\"><b>\u00d3leo Essencial de Eucaliptus Globulus<\/b><\/p>\n<ul>\n<li style=\"text-align: justify\">Indicado para momentos de instabilidade e oscila\u00e7\u00e3o emocional, ajuda a melhorar o foco e a concentra\u00e7\u00e3o e melhora a imunidade do organismo;<\/li>\n<li style=\"text-align: justify\">A\u00e7\u00e3o anti-inflamat\u00f3ria, antiss\u00e9ptica, antiviral, analg\u00e9sica, expectorante e descongestionante, auxilia com problemas respirat\u00f3rios e sintomas de resfriado e gripes.<\/li>\n<\/ul>\n","protected":false},"excerpt":{"rendered":"<p style=\"text-align: justify\">Os Blends de \u00d3leos Essenciais Kids Via Aroma foram desenvolvidos especialmente para as crian\u00e7as. O\u00a0<b>Blend Kids Respira bem\u00a0<\/b>\u00e9 o melhor aliado dos pais para ajudar com sintomas respirat\u00f3rios como nariz entupido e problemas de respira\u00e7\u00e3o. Ao inalar, auxilia a desobstruir as vias respirat\u00f3rias.<\/p>\n","protected":false},"featured_media":2622,"comment_status":"open","ping_status":"closed","template":"","meta":[],"product_cat":[858],"product_tag":[507,870,880,879,881,878,877,681],"_links":{"self":[{"href":"https:\/\/www.emporioamazonervas.com.br\/index.php\/wp-json\/wp\/v2\/product\/2621"}],"collection":[{"href":"https:\/\/www.emporioamazonervas.com.br\/index.php\/wp-json\/wp\/v2\/product"}],"about":[{"href":"https:\/\/www.emporioamazonervas.com.br\/index.php\/wp-json\/wp\/v2\/types\/product"}],"replies":[{"embeddable":true,"href":"https:\/\/www.emporioamazonervas.com.br\/index.php\/wp-json\/wp\/v2\/comments?post=2621"}],"wp:featuredmedia":[{"embeddable":true,"href":"https:\/\/www.emporioamazonervas.com.br\/index.php\/wp-json\/wp\/v2\/media\/2622"}],"wp:attachment":[{"href":"https:\/\/www.emporioamazonervas.com.br\/index.php\/wp-json\/wp\/v2\/media?parent=2621"}],"wp:term":[{"taxonomy":"product_cat","embeddable":true,"href":"https:\/\/www.emporioamazonervas.com.br\/index.php\/wp-json\/wp\/v2\/product_cat?post=2621"},{"taxonomy":"product_tag","embeddable":true,"href":"https:\/\/www.emporioamazonervas.com.br\/index.php\/wp-json\/wp\/v2\/product_tag?post=2621"}],"curies":[{"name":"wp","href":"https:\/\/api.w.org\/{rel}","templated":true}]}}