{"id":2611,"date":"2022-12-08T11:31:21","date_gmt":"2022-12-08T14:31:21","guid":{"rendered":"https:\/\/www.emporioamazonervas.com.br\/?post_type=product&#038;p=2611"},"modified":"2022-12-08T11:31:21","modified_gmt":"2022-12-08T14:31:21","slug":"kit-iniciante-3-oleos-essenciais-lavanda-menta-piperita-tea-tree-via-aroma","status":"publish","type":"product","link":"https:\/\/www.emporioamazonervas.com.br\/index.php\/produto\/kit-iniciante-3-oleos-essenciais-lavanda-menta-piperita-tea-tree-via-aroma\/","title":{"rendered":"Kit Iniciante 3 \u00d3leos Essenciais Lavanda\/Menta Piperita\/Tea Tree &#8211; Via Aroma"},"content":{"rendered":"<p style=\"font-weight: 400;text-align: justify\">O\u00a0<strong>Kit de \u00d3leos Essenciais Iniciante<\/strong>\u00a0\u00e9 feito para voc\u00ea que deseja dar o primeiro passo na aromaterapia, mas n\u00e3o sabe muito bem por onde come\u00e7ar. Para voc\u00ea inserir os \u00f3leos essenciais na sua rotina de uma forma f\u00e1cil e pr\u00e1tica, aposte nessa caixinha com 3 frasquinhos de 10ml:\u00a0Lavanda\u00a0para acalmar,\u00a0Menta Piperita\u00a0para revitalizar e\u00a0Tea Tree\u00a0para proteger. Com esse kit, voc\u00ea estar\u00e1 preparado para enfrentar o seu dia.<\/p>\n<p style=\"font-weight: 400;text-align: justify\"><strong><u>\u00d3leo Essencial de Lavanda<\/u><\/strong><\/p>\n<ul style=\"font-weight: 400;text-align: justify\">\n<li>Relaxante e calmante, ajuda a reduzir ansiedade e estresse;<\/li>\n<li>Sedativo, excelente para quem sofre com ins\u00f4nia;<\/li>\n<li>Melhora a qualidade do sono no geral;<\/li>\n<li>Equilibrador emocional, promove tranquilidade;<\/li>\n<li>A\u00e7\u00e3o anti-inflamat\u00f3ria, analg\u00e9sica, antiss\u00e9ptica e imunoestimulante;<\/li>\n<li>Regenerador da pele, pode ser \u00fatil para herpes, insola\u00e7\u00e3o, alergias.<\/li>\n<\/ul>\n<p style=\"font-weight: 400;text-align: justify\"><strong><u>\u00d3leo Essencial de Menta Piperita<\/u><\/strong><\/p>\n<ul style=\"font-weight: 400;text-align: justify\">\n<li>Revigorante, traz energia e vitalidade, agindo positivamente sobre esgotamento mental;<\/li>\n<li>Proporciona equil\u00edbrio e conforto emocional;<\/li>\n<li>Ajuda com cansa\u00e7o, fadiga, tristeza, estresse e tontura;<\/li>\n<li>A\u00e7\u00e3o anti-inflamat\u00f3ria, analg\u00e9sica e antiss\u00e9ptica;<\/li>\n<li>Expectorante e descongestionante, facilita a respira\u00e7\u00e3o;<\/li>\n<li>T\u00f4nico digestivo, bom para indigest\u00e3o, n\u00e1usea, v\u00f4mito, asia e mal-estar;<\/li>\n<li>Antioxidante e refrescante, ajuda a reduzir oleosidade da pele e cabelos.<\/li>\n<\/ul>\n<p style=\"font-weight: 400;text-align: justify\"><strong><u>\u00d3leo Essencial de Tea Tree<\/u><\/strong><\/p>\n<ul style=\"font-weight: 400\">\n<li style=\"text-align: justify\">Renovador e revitalizante, purifica e limpa a energia do ambiente;<\/li>\n<li style=\"text-align: justify\">Promove a confian\u00e7a, bom para casos de esgotamento mental;<\/li>\n<li style=\"text-align: justify\">A\u00e7\u00e3o anti-inflamat\u00f3ria, anti-infecciosa, antibi\u00f3tica, antiviral e antif\u00fangica;<\/li>\n<li style=\"text-align: justify\">Ajuda com infec\u00e7\u00f5es na boca e garganta (gengiva inflamada, dor de dente, afta);<\/li>\n<li style=\"text-align: justify\">Potente adstringente, excelente para redu\u00e7\u00e3o de oleosidade e queda de cabelos;<\/li>\n<li style=\"text-align: justify\">Efeito purificante, auxilia com feridas e espinhas inflamadas.<\/li>\n<\/ul>\n","protected":false},"excerpt":{"rendered":"<p style=\"text-align: justify\">O\u00a0<strong>Kit de \u00d3leos Essenciais Iniciante<\/strong>\u00a0\u00e9 feito para voc\u00ea que deseja dar o primeiro passo na aromaterapia, mas n\u00e3o sabe muito bem por onde come\u00e7ar. Para voc\u00ea inserir os \u00f3leos essenciais na sua rotina de uma forma f\u00e1cil e pr\u00e1tica, aposte nessa caixinha com 3 frasquinhos de 10ml:\u00a0Lavanda\u00a0para acalmar,\u00a0Menta Piperita\u00a0para revitalizar e\u00a0Tea Tree\u00a0para proteger. Com esse kit, voc\u00ea estar\u00e1 preparado para enfrentar o seu dia.<\/p>\n","protected":false},"featured_media":2614,"comment_status":"open","ping_status":"closed","template":"","meta":[],"product_cat":[858],"product_tag":[862,843,849,847,860,859,861],"_links":{"self":[{"href":"https:\/\/www.emporioamazonervas.com.br\/index.php\/wp-json\/wp\/v2\/product\/2611"}],"collection":[{"href":"https:\/\/www.emporioamazonervas.com.br\/index.php\/wp-json\/wp\/v2\/product"}],"about":[{"href":"https:\/\/www.emporioamazonervas.com.br\/index.php\/wp-json\/wp\/v2\/types\/product"}],"replies":[{"embeddable":true,"href":"https:\/\/www.emporioamazonervas.com.br\/index.php\/wp-json\/wp\/v2\/comments?post=2611"}],"wp:featuredmedia":[{"embeddable":true,"href":"https:\/\/www.emporioamazonervas.com.br\/index.php\/wp-json\/wp\/v2\/media\/2614"}],"wp:attachment":[{"href":"https:\/\/www.emporioamazonervas.com.br\/index.php\/wp-json\/wp\/v2\/media?parent=2611"}],"wp:term":[{"taxonomy":"product_cat","embeddable":true,"href":"https:\/\/www.emporioamazonervas.com.br\/index.php\/wp-json\/wp\/v2\/product_cat?post=2611"},{"taxonomy":"product_tag","embeddable":true,"href":"https:\/\/www.emporioamazonervas.com.br\/index.php\/wp-json\/wp\/v2\/product_tag?post=2611"}],"curies":[{"name":"wp","href":"https:\/\/api.w.org\/{rel}","templated":true}]}}