{"id":2603,"date":"2022-12-08T10:29:50","date_gmt":"2022-12-08T13:29:50","guid":{"rendered":"https:\/\/www.emporioamazonervas.com.br\/?post_type=product&#038;p=2603"},"modified":"2023-02-18T20:58:22","modified_gmt":"2023-02-18T23:58:22","slug":"essencia-hidrossoluvel-flor-de-cerejeira-30ml-via-aroma","status":"publish","type":"product","link":"https:\/\/www.emporioamazonervas.com.br\/index.php\/produto\/essencia-hidrossoluvel-flor-de-cerejeira-30ml-via-aroma\/","title":{"rendered":"Ess\u00eancia Hidrossol\u00favel Flor de Cerejeira 30ml &#8211; Via Aroma"},"content":{"rendered":"<p style=\"font-weight: 400;text-align: justify\">Floral, adocicada e rom\u00e2ntica, a\u00a0<strong>Ess\u00eancia Hidrossol\u00favel Flor de Cerejeira\u00a0<\/strong>traz mais sofistica\u00e7\u00e3o aos seus ambientes. Feitas especialmente para usar no\u00a0<u>Difusor Ultrass\u00f4nico<\/u>, as fragr\u00e2ncias hidrossol\u00faveis da Linha Cl\u00e1ssica oferecem perfumes duradouros que podem ser usados em todos os espa\u00e7os e trazem sensa\u00e7\u00f5es de bem-estar ao seu dia a dia.<\/p>\n<p style=\"font-weight: 400;text-align: justify\">\u200b<strong>Qual cheiro \u00e9 esse?<\/strong><\/p>\n<p style=\"font-weight: 400;text-align: justify\">A cerejeira \u00e9 uma \u00e1rvore de origem asi\u00e1tica que produz pequenas flores rosadas, consideradas as mais bonitas da natureza. Nos locais onde s\u00e3o plantadas, a \u00e9poca da flora\u00e7\u00e3o sempre atrai apaixonados e visitantes que se deslocam especialmente para presenciar essa vis\u00e3o maravilhosa. Essa fragr\u00e2ncia traz a beleza e a do\u00e7ura da flora\u00e7\u00e3o das cerejeiras.<\/p>\n<p style=\"font-weight: 400;text-align: justify\">A fragr\u00e2ncia<strong> Flor de Cerejeira<\/strong>\u00a0possui notas florais<strong>\u00a0adocicadas<\/strong>\u00a0que remetem ao\u00a0<strong>romantismo<\/strong>\u00a0e a\u00a0<strong>do\u00e7ura<\/strong>, sem perder a atualidade com um toque moderno de\u00a0<strong>sofistica\u00e7\u00e3o feminina<\/strong>. A fragr\u00e2ncia perfeita para usar em ambientes femininos.<\/p>\n<ul style=\"font-weight: 400\">\n<li style=\"text-align: justify\"><strong>Notas de sa\u00edda<\/strong>: Pera Asi\u00e1tica, Ma\u00e7\u00e3, Ameixa<\/li>\n<li style=\"text-align: justify\"><strong>Notas de corpo<\/strong>: Mimosa, Rosa P\u00e9tala, Jasmim Sambac<\/li>\n<li style=\"text-align: justify\"><strong>Notas de fundo<\/strong>: Cedro do Himalaia, Musk, Baunilha, Madeira Tek<\/li>\n<\/ul>\n","protected":false},"excerpt":{"rendered":"<p style=\"text-align: justify\">Floral, adocicada e rom\u00e2ntica, a\u00a0<strong>Ess\u00eancia Hidrossol\u00favel Flor de Cerejeira\u00a0<\/strong>traz mais sofistica\u00e7\u00e3o aos seus ambientes. Feitas especialmente para usar no\u00a0<u>Difusor Ultrass\u00f4nico<\/u>, as fragr\u00e2ncias hidrossol\u00faveis da Linha Cl\u00e1ssica oferecem perfumes duradouros que podem ser usados em todos os espa\u00e7os e trazem sensa\u00e7\u00f5es de bem-estar ao seu dia a dia.<\/p>\n","protected":false},"featured_media":2605,"comment_status":"open","ping_status":"closed","template":"","meta":[],"product_cat":[845],"product_tag":[843,849,851,846,854,852,853],"_links":{"self":[{"href":"https:\/\/www.emporioamazonervas.com.br\/index.php\/wp-json\/wp\/v2\/product\/2603"}],"collection":[{"href":"https:\/\/www.emporioamazonervas.com.br\/index.php\/wp-json\/wp\/v2\/product"}],"about":[{"href":"https:\/\/www.emporioamazonervas.com.br\/index.php\/wp-json\/wp\/v2\/types\/product"}],"replies":[{"embeddable":true,"href":"https:\/\/www.emporioamazonervas.com.br\/index.php\/wp-json\/wp\/v2\/comments?post=2603"}],"wp:featuredmedia":[{"embeddable":true,"href":"https:\/\/www.emporioamazonervas.com.br\/index.php\/wp-json\/wp\/v2\/media\/2605"}],"wp:attachment":[{"href":"https:\/\/www.emporioamazonervas.com.br\/index.php\/wp-json\/wp\/v2\/media?parent=2603"}],"wp:term":[{"taxonomy":"product_cat","embeddable":true,"href":"https:\/\/www.emporioamazonervas.com.br\/index.php\/wp-json\/wp\/v2\/product_cat?post=2603"},{"taxonomy":"product_tag","embeddable":true,"href":"https:\/\/www.emporioamazonervas.com.br\/index.php\/wp-json\/wp\/v2\/product_tag?post=2603"}],"curies":[{"name":"wp","href":"https:\/\/api.w.org\/{rel}","templated":true}]}}