{"id":2592,"date":"2022-12-08T10:17:41","date_gmt":"2022-12-08T13:17:41","guid":{"rendered":"https:\/\/www.emporioamazonervas.com.br\/?post_type=product&#038;p=2592"},"modified":"2023-08-07T16:35:16","modified_gmt":"2023-08-07T19:35:16","slug":"essencia-hidrossoluvel-lavanda-30ml-via-aroma","status":"publish","type":"product","link":"https:\/\/www.emporioamazonervas.com.br\/index.php\/produto\/essencia-hidrossoluvel-lavanda-30ml-via-aroma\/","title":{"rendered":"Ess\u00eancia Hidrossol\u00favel Lavanda 30ml &#8211; Via Aroma"},"content":{"rendered":"<p style=\"font-weight: 400;text-align: justify\">Floral, relaxante e calmante, a\u00a0<strong>Ess\u00eancia Hidrossol\u00favel Lavanda\u00a0<\/strong>traz mais sofistica\u00e7\u00e3o aos seus ambientes. Feitas especialmente para usar no\u00a0<u>Difusor Ultrass\u00f4nico<\/u>, as fragr\u00e2ncias hidrossol\u00faveis da Linha Cl\u00e1ssica oferecem perfumes duradouros que podem ser usados em todos os espa\u00e7os e trazem sensa\u00e7\u00f5es de bem-estar ao seu dia a dia.<\/p>\n<p style=\"font-weight: 400;text-align: justify\"><strong>Qual cheiro \u00e9 esse?<\/strong><\/p>\n<p style=\"font-weight: 400;text-align: justify\">Lavanda \u00e9 uma linda flor roxa associada \u00e0\u00a0<strong>calma\u00a0<\/strong>e\u00a0<strong>limpeza<\/strong>, desde a Roma antiga este aroma \u00e9 utilizado em banhos relaxantes. Famosa por tingir paisagens de lil\u00e1s e por suas propriedades estabilizantes, a lavanda traz ao ambiente\u00a0<strong>harmonia<\/strong>,\u00a0<strong>frescor<\/strong>\u00a0e\u00a0<strong>tranquilidade<\/strong>.<\/p>\n<p style=\"font-weight: 400;text-align: justify\">A fragr\u00e2ncia<strong>\u00a0Lavanda Via Aroma<\/strong>\u00a0traz calmaria em meio a tempestade de pensamentos do dia a dia.\u00a0<strong>Tranquilizante<\/strong>\u00a0e\u00a0<strong>relaxante<\/strong>, esse aroma \u00e9 muito caracter\u00edstico da planta, com algumas notas florais e bals\u00e2micas para encorpar a fragr\u00e2ncia e deixar sua casa ainda mais cheirosa. Ideal para deixar o ambiente agradavelmente perfumado e com\u00a0<strong>sensa\u00e7\u00e3o de limpeza<\/strong>.<\/p>\n<ul style=\"font-weight: 400\">\n<li style=\"text-align: justify\"><strong>Notas de sa\u00edda<\/strong>: Lavanda, Lima, Fresh, Herbal<\/li>\n<li style=\"text-align: justify\"><strong>Notas de corpo<\/strong>: Violeta, Con\u00edfera, Rosa, Muguet<\/li>\n<li style=\"text-align: justify\"><strong>Notas de fundo<\/strong>: Bals\u00e2mico, Polvoroso, Musk<\/li>\n<\/ul>\n","protected":false},"excerpt":{"rendered":"<p style=\"text-align: justify\">Floral, relaxante e calmante, a\u00a0<strong>Ess\u00eancia Hidrossol\u00favel Lavanda\u00a0<\/strong>traz mais sofistica\u00e7\u00e3o aos seus ambientes. Feitas especialmente para usar no\u00a0<u>Difusor Ultrass\u00f4nico<\/u>, as fragr\u00e2ncias hidrossol\u00faveis da Linha Cl\u00e1ssica oferecem perfumes duradouros que podem ser usados em todos os espa\u00e7os e trazem sensa\u00e7\u00f5es de bem-estar ao seu dia a dia.<\/p>\n","protected":false},"featured_media":2599,"comment_status":"open","ping_status":"closed","template":"","meta":[],"product_cat":[845],"product_tag":[848,843,690,849,851,846,852,847,549],"_links":{"self":[{"href":"https:\/\/www.emporioamazonervas.com.br\/index.php\/wp-json\/wp\/v2\/product\/2592"}],"collection":[{"href":"https:\/\/www.emporioamazonervas.com.br\/index.php\/wp-json\/wp\/v2\/product"}],"about":[{"href":"https:\/\/www.emporioamazonervas.com.br\/index.php\/wp-json\/wp\/v2\/types\/product"}],"replies":[{"embeddable":true,"href":"https:\/\/www.emporioamazonervas.com.br\/index.php\/wp-json\/wp\/v2\/comments?post=2592"}],"wp:featuredmedia":[{"embeddable":true,"href":"https:\/\/www.emporioamazonervas.com.br\/index.php\/wp-json\/wp\/v2\/media\/2599"}],"wp:attachment":[{"href":"https:\/\/www.emporioamazonervas.com.br\/index.php\/wp-json\/wp\/v2\/media?parent=2592"}],"wp:term":[{"taxonomy":"product_cat","embeddable":true,"href":"https:\/\/www.emporioamazonervas.com.br\/index.php\/wp-json\/wp\/v2\/product_cat?post=2592"},{"taxonomy":"product_tag","embeddable":true,"href":"https:\/\/www.emporioamazonervas.com.br\/index.php\/wp-json\/wp\/v2\/product_tag?post=2592"}],"curies":[{"name":"wp","href":"https:\/\/api.w.org\/{rel}","templated":true}]}}