{"id":2557,"date":"2022-11-23T10:55:32","date_gmt":"2022-11-23T13:55:32","guid":{"rendered":"https:\/\/www.emporioamazonervas.com.br\/?post_type=product&#038;p=2557"},"modified":"2022-11-23T12:27:12","modified_gmt":"2022-11-23T15:27:12","slug":"farinha-de-arroz-branca-organica-500g-risovita","status":"publish","type":"product","link":"https:\/\/www.emporioamazonervas.com.br\/index.php\/produto\/farinha-de-arroz-branca-organica-500g-risovita\/","title":{"rendered":"Farinha de Arroz Branca Org\u00e2nica 500g &#8211; RisoVita"},"content":{"rendered":"<p class=\"description\" style=\"text-align: justify\"><span class=\"block\">A farinha de arroz org\u00e2nica n\u00e3o possui nenhum aditivo qu\u00edmico artificial. Dessa forma, se encaixa perfeitamente nos produtos Plant-Based e Clean Label. Em sua composi\u00e7\u00e3o, apresenta poucos ingredientes e que s\u00e3o, em sua maioria, de conhecimento do consumidor.\u00a0<\/span><span class=\"block\">Por ser fabricada a partir da moagem do cereal, o alimento \u00e9 hipoalerg\u00eanico e sem colesterol. Assim, pode ser consumido por pessoas com dietas restritivas, como cel\u00edacos.<\/span><\/p>\n<ul>\n<li class=\"cta\">Org\u00e2nica;<\/li>\n<li class=\"cta\">sem gl\u00faten;<\/li>\n<li class=\"cta\">saud\u00e1vel.<\/li>\n<\/ul>\n","protected":false},"excerpt":{"rendered":"<p>A farinha de arroz org\u00e2nica n\u00e3o possui nenhum aditivo qu\u00edmico artificial. Dessa forma, se encaixa<a class=\"read-more\" href=\"https:\/\/www.emporioamazonervas.com.br\/index.php\/produto\/farinha-de-arroz-branca-organica-500g-risovita\/\">&#8230;<\/a><\/p>\n","protected":false},"featured_media":2558,"comment_status":"open","ping_status":"closed","template":"","meta":[],"product_cat":[820],"product_tag":[821,825,125,824,84],"_links":{"self":[{"href":"https:\/\/www.emporioamazonervas.com.br\/index.php\/wp-json\/wp\/v2\/product\/2557"}],"collection":[{"href":"https:\/\/www.emporioamazonervas.com.br\/index.php\/wp-json\/wp\/v2\/product"}],"about":[{"href":"https:\/\/www.emporioamazonervas.com.br\/index.php\/wp-json\/wp\/v2\/types\/product"}],"replies":[{"embeddable":true,"href":"https:\/\/www.emporioamazonervas.com.br\/index.php\/wp-json\/wp\/v2\/comments?post=2557"}],"wp:featuredmedia":[{"embeddable":true,"href":"https:\/\/www.emporioamazonervas.com.br\/index.php\/wp-json\/wp\/v2\/media\/2558"}],"wp:attachment":[{"href":"https:\/\/www.emporioamazonervas.com.br\/index.php\/wp-json\/wp\/v2\/media?parent=2557"}],"wp:term":[{"taxonomy":"product_cat","embeddable":true,"href":"https:\/\/www.emporioamazonervas.com.br\/index.php\/wp-json\/wp\/v2\/product_cat?post=2557"},{"taxonomy":"product_tag","embeddable":true,"href":"https:\/\/www.emporioamazonervas.com.br\/index.php\/wp-json\/wp\/v2\/product_tag?post=2557"}],"curies":[{"name":"wp","href":"https:\/\/api.w.org\/{rel}","templated":true}]}}