{"id":2545,"date":"2022-11-22T18:19:31","date_gmt":"2022-11-22T21:19:31","guid":{"rendered":"https:\/\/www.emporioamazonervas.com.br\/?post_type=product&#038;p=2545"},"modified":"2023-02-18T21:06:05","modified_gmt":"2023-02-19T00:06:05","slug":"pasta-de-amendoim-sweet-sabor-cookiesn-crean-500g-power1one","status":"publish","type":"product","link":"https:\/\/www.emporioamazonervas.com.br\/index.php\/produto\/pasta-de-amendoim-sweet-sabor-cookiesn-crean-500g-power1one\/","title":{"rendered":"Pasta de Amendoim Sweet Sabor: Cookies&#8217;N Crean 500g &#8211; Power1One"},"content":{"rendered":"<p><strong>Pasta de Amendoim Sweet Cookies NCream<\/strong><\/p>\n<p>A linha Sweet foi criada para ado\u00e7ar as refei\u00e7\u00f5es da fam\u00edlia toda! Sabores deliciosos, sem a\u00e7\u00facares refinados e sem gl\u00faten. Uma sensa\u00e7\u00e3o surpreendente para todos os momentos do dia!<\/p>\n<p>Zero Adi\u00e7\u00e3o de A\u00e7\u00facares;<\/p>\n<p>N\u00e3o Cont\u00e9m Gl\u00faten.<\/p>\n","protected":false},"excerpt":{"rendered":"<p>Pasta de Amendoim Sweet Cookies NCream A linha Sweet foi criada para ado\u00e7ar as refei\u00e7\u00f5es<a class=\"read-more\" href=\"https:\/\/www.emporioamazonervas.com.br\/index.php\/produto\/pasta-de-amendoim-sweet-sabor-cookiesn-crean-500g-power1one\/\">&#8230;<\/a><\/p>\n","protected":false},"featured_media":2546,"comment_status":"open","ping_status":"closed","template":"","meta":[],"product_cat":[427],"product_tag":[809,810,84,124],"_links":{"self":[{"href":"https:\/\/www.emporioamazonervas.com.br\/index.php\/wp-json\/wp\/v2\/product\/2545"}],"collection":[{"href":"https:\/\/www.emporioamazonervas.com.br\/index.php\/wp-json\/wp\/v2\/product"}],"about":[{"href":"https:\/\/www.emporioamazonervas.com.br\/index.php\/wp-json\/wp\/v2\/types\/product"}],"replies":[{"embeddable":true,"href":"https:\/\/www.emporioamazonervas.com.br\/index.php\/wp-json\/wp\/v2\/comments?post=2545"}],"wp:featuredmedia":[{"embeddable":true,"href":"https:\/\/www.emporioamazonervas.com.br\/index.php\/wp-json\/wp\/v2\/media\/2546"}],"wp:attachment":[{"href":"https:\/\/www.emporioamazonervas.com.br\/index.php\/wp-json\/wp\/v2\/media?parent=2545"}],"wp:term":[{"taxonomy":"product_cat","embeddable":true,"href":"https:\/\/www.emporioamazonervas.com.br\/index.php\/wp-json\/wp\/v2\/product_cat?post=2545"},{"taxonomy":"product_tag","embeddable":true,"href":"https:\/\/www.emporioamazonervas.com.br\/index.php\/wp-json\/wp\/v2\/product_tag?post=2545"}],"curies":[{"name":"wp","href":"https:\/\/api.w.org\/{rel}","templated":true}]}}