{"id":2518,"date":"2022-11-18T16:21:07","date_gmt":"2022-11-18T19:21:07","guid":{"rendered":"https:\/\/www.emporioamazonervas.com.br\/?post_type=product&#038;p=2518"},"modified":"2022-11-18T16:21:07","modified_gmt":"2022-11-18T19:21:07","slug":"termogenic-mais-cartamo-cafeina-60-caps-clinicmais","status":"publish","type":"product","link":"https:\/\/www.emporioamazonervas.com.br\/index.php\/produto\/termogenic-mais-cartamo-cafeina-60-caps-clinicmais\/","title":{"rendered":"Termog\u00eanic Mais C\u00e1rtamo + Cafe\u00edna 60 caps &#8211; ClinicMais"},"content":{"rendered":"<p style=\"text-align: justify\"><b>Termogenic Mais &#8211; C\u00e1rtamo + cafe\u00edna \u00e9 um suplemento alimentar \u00e0 base de \u00d3leo de C\u00e1rtamo e Cafe\u00edna em C\u00e1psulas. Esta combina\u00e7\u00e3o \u00e9 aliada para praticantes de atividade f\u00edsica que buscam mais performance durante o treino. \u00a0<\/b><\/p>\n<p style=\"text-align: justify\">O\u00a0<strong>\u00d3leo de C\u00e1rtamo<\/strong>\u00a0<strong>\u00e9 termog\u00eanico<\/strong>, que age inibindo as enzimas lipog\u00eanicas e\u00a0<strong>contribui para o aumento da massa muscular corporal<\/strong>.\u00a0<strong>\u00a0A cafe\u00edna<\/strong>\u00a0auxilia no\u00a0<strong>aumento do estado de alerta,\u00a0<\/strong>na\u00a0<strong>melhora da concentra\u00e7\u00e3o<\/strong>\u00a0e aumentando a\u00a0capacidade do organismo em usar a gordura corporal como\u00a0<strong>fonte de energia.<\/strong><\/p>\n<ul style=\"text-align: justify\">\n<li>Dupla a\u00e7\u00e3o para mais energia e disposi\u00e7\u00e3o<\/li>\n<li>Melhora o desempenho f\u00edsico<\/li>\n<\/ul>\n<p style=\"text-align: justify\"><strong>O Termogenic Mais Acelera o metabolismo e favorece o emagrecimento, Colaborando na defini\u00e7\u00e3o da musculatura.<\/strong><\/p>\n<p style=\"text-align: justify\">&#8211; N\u00c3O CONT\u00c9M GL\u00daTEN.<\/p>\n","protected":false},"excerpt":{"rendered":"<p>Termogenic Mais &#8211; C\u00e1rtamo + cafe\u00edna \u00e9 um suplemento alimentar \u00e0 base de \u00d3leo de<a class=\"read-more\" href=\"https:\/\/www.emporioamazonervas.com.br\/index.php\/produto\/termogenic-mais-cartamo-cafeina-60-caps-clinicmais\/\">&#8230;<\/a><\/p>\n","protected":false},"featured_media":2519,"comment_status":"open","ping_status":"closed","template":"","meta":[],"product_cat":[173],"product_tag":[764,136,304,613,689,283,360,133],"_links":{"self":[{"href":"https:\/\/www.emporioamazonervas.com.br\/index.php\/wp-json\/wp\/v2\/product\/2518"}],"collection":[{"href":"https:\/\/www.emporioamazonervas.com.br\/index.php\/wp-json\/wp\/v2\/product"}],"about":[{"href":"https:\/\/www.emporioamazonervas.com.br\/index.php\/wp-json\/wp\/v2\/types\/product"}],"replies":[{"embeddable":true,"href":"https:\/\/www.emporioamazonervas.com.br\/index.php\/wp-json\/wp\/v2\/comments?post=2518"}],"wp:featuredmedia":[{"embeddable":true,"href":"https:\/\/www.emporioamazonervas.com.br\/index.php\/wp-json\/wp\/v2\/media\/2519"}],"wp:attachment":[{"href":"https:\/\/www.emporioamazonervas.com.br\/index.php\/wp-json\/wp\/v2\/media?parent=2518"}],"wp:term":[{"taxonomy":"product_cat","embeddable":true,"href":"https:\/\/www.emporioamazonervas.com.br\/index.php\/wp-json\/wp\/v2\/product_cat?post=2518"},{"taxonomy":"product_tag","embeddable":true,"href":"https:\/\/www.emporioamazonervas.com.br\/index.php\/wp-json\/wp\/v2\/product_tag?post=2518"}],"curies":[{"name":"wp","href":"https:\/\/api.w.org\/{rel}","templated":true}]}}