{"id":2484,"date":"2022-11-09T18:49:20","date_gmt":"2022-11-09T21:49:20","guid":{"rendered":"https:\/\/www.emporioamazonervas.com.br\/?post_type=product&#038;p=2484"},"modified":"2022-11-09T18:49:20","modified_gmt":"2022-11-09T21:49:20","slug":"nutri-whey-protein-sabor-chocolate-907g-integralmedica","status":"publish","type":"product","link":"https:\/\/www.emporioamazonervas.com.br\/index.php\/produto\/nutri-whey-protein-sabor-chocolate-907g-integralmedica\/","title":{"rendered":"Nutri Whey Protein Sabor: Chocolate 907g &#8211; Integralmedica"},"content":{"rendered":"<p style=\"text-align: justify\">Os hipercal\u00f3ricos de modo geral, s\u00e3o suplementos \u00e0 base de carboidratos e prote\u00ednas que tem como fun\u00e7\u00e3o principal o aumento de peso corporal e ganho de massa magra.<\/p>\n<p style=\"text-align: justify\">Com uma f\u00f3rmula de f\u00e1cil solubilidade e delicioso sabor,\u00a0<strong>NUTRIWHEY Protein \u00e9 um hipercal\u00f3rico diferenciado, pois al\u00e9m da oferta energ\u00e9tica vinda dos carboidratos<\/strong>,\u00a0<strong>Nutri Whey cont\u00e9m 30 g das melhores prote\u00ednas que est\u00e3o relacionadas a recupera\u00e7\u00e3o e ganho de massa muscular<\/strong>, essas prote\u00ednas contribuem com o aporte de amino\u00e1cidos essenciais que s\u00e3o compostos que participam da s\u00edntese proteica e promovem a melhor recupera\u00e7\u00e3o principalmente no per\u00edodo p\u00f3s treino.<\/p>\n<div class=\"__bs-whats-for-checks\" style=\"text-align: justify\">\n<div class=\"__bs-whats-for-check-container\">\n<ul>\n<li class=\"__bs-whats-for-text\">Ganho de Massa Muscular;<\/li>\n<li><span style=\"font-size: 1rem\">Aumento de volume corporal;<\/span><\/li>\n<li><span style=\"font-size: 1rem\">Aumento de Peso Corporal.\u00a0<\/span><\/li>\n<\/ul>\n<\/div>\n<\/div>\n<div class=\"__bs-whats-for-info\">\n<p class=\"__bs-whats-for-info-text\" style=\"text-align: justify\"><strong>NutriWhey \u00e9 indicado para atletas e praticantes de atividades f\u00edsicas que desejam aumentar o peso corporal atrav\u00e9s do ganho de massa muscular magra<\/strong>. Por ser uma fonte cal\u00f3rica e proteica NutriWhey auxilia na melhora de performance f\u00edsica proporcionando os atletas a chegarem em n\u00edveis de treinamentos nunca alcan\u00e7ados.<\/p>\n<\/div>\n","protected":false},"excerpt":{"rendered":"<p style=\"text-align: justify\"><strong>NutriWhey \u00e9 indicado para atletas e praticantes de atividades f\u00edsicas que desejam aumentar o peso corporal atrav\u00e9s do ganho de massa muscular magra<\/strong>. Por ser uma fonte cal\u00f3rica e proteica NutriWhey auxilia na melhora de performance f\u00edsica proporcionando os atletas a chegarem em n\u00edveis de treinamentos nunca alcan\u00e7ados.<\/p>\n","protected":false},"featured_media":2485,"comment_status":"open","ping_status":"closed","template":"","meta":[],"product_cat":[294,497],"product_tag":[764,801,560,360,409,439,188,769],"_links":{"self":[{"href":"https:\/\/www.emporioamazonervas.com.br\/index.php\/wp-json\/wp\/v2\/product\/2484"}],"collection":[{"href":"https:\/\/www.emporioamazonervas.com.br\/index.php\/wp-json\/wp\/v2\/product"}],"about":[{"href":"https:\/\/www.emporioamazonervas.com.br\/index.php\/wp-json\/wp\/v2\/types\/product"}],"replies":[{"embeddable":true,"href":"https:\/\/www.emporioamazonervas.com.br\/index.php\/wp-json\/wp\/v2\/comments?post=2484"}],"wp:featuredmedia":[{"embeddable":true,"href":"https:\/\/www.emporioamazonervas.com.br\/index.php\/wp-json\/wp\/v2\/media\/2485"}],"wp:attachment":[{"href":"https:\/\/www.emporioamazonervas.com.br\/index.php\/wp-json\/wp\/v2\/media?parent=2484"}],"wp:term":[{"taxonomy":"product_cat","embeddable":true,"href":"https:\/\/www.emporioamazonervas.com.br\/index.php\/wp-json\/wp\/v2\/product_cat?post=2484"},{"taxonomy":"product_tag","embeddable":true,"href":"https:\/\/www.emporioamazonervas.com.br\/index.php\/wp-json\/wp\/v2\/product_tag?post=2484"}],"curies":[{"name":"wp","href":"https:\/\/api.w.org\/{rel}","templated":true}]}}