{"id":2466,"date":"2022-11-09T10:17:27","date_gmt":"2022-11-09T13:17:27","guid":{"rendered":"https:\/\/www.emporioamazonervas.com.br\/?post_type=product&#038;p=2466"},"modified":"2022-11-09T10:17:28","modified_gmt":"2022-11-09T13:17:28","slug":"l-carnitine-60-caps-2000mg-max-titanium","status":"publish","type":"product","link":"https:\/\/www.emporioamazonervas.com.br\/index.php\/produto\/l-carnitine-60-caps-2000mg-max-titanium\/","title":{"rendered":"L-Carnitine 60 caps 2000mg &#8211; Max Titanium"},"content":{"rendered":"<p style=\"text-align: justify\"><b>L-Carnitine 2000<\/b>\u00a0traz a L-carnitina em formato pr\u00e1tico para consumo di\u00e1rio.<\/p>\n<p style=\"text-align: justify\">Ela \u00e9 sintetizada no f\u00edgado, nos rins e no c\u00e9rebro a partir dos amino\u00e1cidos essenciais lisina e metionina, podendo tamb\u00e9m ser obtida por ingest\u00e3o de alimentos de origem animal e \u00e9 uma subst\u00e2ncia importante no processo de oxida\u00e7\u00e3o de \u00e1cidos graxos em nosso organismo.<\/p>\n<ul class=\"a-unordered-list a-vertical a-spacing-mini\">\n<li><span class=\"a-list-item\">Favorece o emagrecimento;<\/span><\/li>\n<li><span class=\"a-list-item\">Favorece queima de gordura;<\/span><\/li>\n<li><span class=\"a-list-item\">Acelera o metabolismo.<\/span><\/li>\n<\/ul>\n","protected":false},"excerpt":{"rendered":"<p>L-Carnitine 2000\u00a0traz a L-carnitina em formato pr\u00e1tico para consumo di\u00e1rio. Ela \u00e9 sintetizada no f\u00edgado,<a class=\"read-more\" href=\"https:\/\/www.emporioamazonervas.com.br\/index.php\/produto\/l-carnitine-60-caps-2000mg-max-titanium\/\">&#8230;<\/a><\/p>\n","protected":false},"featured_media":2467,"comment_status":"open","ping_status":"closed","template":"","meta":[],"product_cat":[173],"product_tag":[587,384,187,244,631],"_links":{"self":[{"href":"https:\/\/www.emporioamazonervas.com.br\/index.php\/wp-json\/wp\/v2\/product\/2466"}],"collection":[{"href":"https:\/\/www.emporioamazonervas.com.br\/index.php\/wp-json\/wp\/v2\/product"}],"about":[{"href":"https:\/\/www.emporioamazonervas.com.br\/index.php\/wp-json\/wp\/v2\/types\/product"}],"replies":[{"embeddable":true,"href":"https:\/\/www.emporioamazonervas.com.br\/index.php\/wp-json\/wp\/v2\/comments?post=2466"}],"wp:featuredmedia":[{"embeddable":true,"href":"https:\/\/www.emporioamazonervas.com.br\/index.php\/wp-json\/wp\/v2\/media\/2467"}],"wp:attachment":[{"href":"https:\/\/www.emporioamazonervas.com.br\/index.php\/wp-json\/wp\/v2\/media?parent=2466"}],"wp:term":[{"taxonomy":"product_cat","embeddable":true,"href":"https:\/\/www.emporioamazonervas.com.br\/index.php\/wp-json\/wp\/v2\/product_cat?post=2466"},{"taxonomy":"product_tag","embeddable":true,"href":"https:\/\/www.emporioamazonervas.com.br\/index.php\/wp-json\/wp\/v2\/product_tag?post=2466"}],"curies":[{"name":"wp","href":"https:\/\/api.w.org\/{rel}","templated":true}]}}