{"id":2422,"date":"2022-11-04T10:39:13","date_gmt":"2022-11-04T13:39:13","guid":{"rendered":"https:\/\/www.emporioamazonervas.com.br\/?post_type=product&#038;p=2422"},"modified":"2022-11-22T17:21:27","modified_gmt":"2022-11-22T20:21:27","slug":"veganpro-sabor-baunilha-450g-nutrify","status":"publish","type":"product","link":"https:\/\/www.emporioamazonervas.com.br\/index.php\/produto\/veganpro-sabor-baunilha-450g-nutrify\/","title":{"rendered":"VeganPro Sabor Baunilha 450g &#8211; Nutrify"},"content":{"rendered":"<p style=\"text-align: justify\"><strong>O VeganPro <\/strong>\u00e9 um suplemento que entrega o equil\u00edbrio perfeito entre duas prote\u00ednas de origem vegetal: a prote\u00edna org\u00e2nica isolada do arroz integral e a prote\u00edna org\u00e2nica de ervilha. Este superalimento \u00e9 isento de lactose, gl\u00faten e tem baixo teor de s\u00f3dio. VEGANPRO \u00e9 tamb\u00e9m rico em vitamina B12, nutriente importante em dietas vegetarianas e veganas, e n\u00e3o tem ado\u00e7antes ou conservantes artificiais.<\/p>\n<ul>\n<li><span class=\"a-list-item\">Aporte de amino\u00e1cidos;<\/span><\/li>\n<li><span class=\"a-list-item\">Prote\u00ednas de alto valor biol\u00f3gico;<\/span><\/li>\n<li><span class=\"a-list-item\">Favorece o ganho de massa muscular;<\/span><\/li>\n<li><span class=\"a-list-item\">For\u00e7a vegetal. Sa\u00fade do seu jeito.<\/span><\/li>\n<\/ul>\n","protected":false},"excerpt":{"rendered":"<p style=\"text-align: justify\">VEGANPRO \u00e9 tamb\u00e9m rico em vitamina B12, nutriente importante em dietas vegetarianas e veganas, e n\u00e3o tem ado\u00e7antes ou conservantes artificiais.<\/p>\n","protected":false},"featured_media":2423,"comment_status":"open","ping_status":"closed","template":"","meta":[],"product_cat":[294,787],"product_tag":[293,71,788,409,188,421,790,208],"_links":{"self":[{"href":"https:\/\/www.emporioamazonervas.com.br\/index.php\/wp-json\/wp\/v2\/product\/2422"}],"collection":[{"href":"https:\/\/www.emporioamazonervas.com.br\/index.php\/wp-json\/wp\/v2\/product"}],"about":[{"href":"https:\/\/www.emporioamazonervas.com.br\/index.php\/wp-json\/wp\/v2\/types\/product"}],"replies":[{"embeddable":true,"href":"https:\/\/www.emporioamazonervas.com.br\/index.php\/wp-json\/wp\/v2\/comments?post=2422"}],"wp:featuredmedia":[{"embeddable":true,"href":"https:\/\/www.emporioamazonervas.com.br\/index.php\/wp-json\/wp\/v2\/media\/2423"}],"wp:attachment":[{"href":"https:\/\/www.emporioamazonervas.com.br\/index.php\/wp-json\/wp\/v2\/media?parent=2422"}],"wp:term":[{"taxonomy":"product_cat","embeddable":true,"href":"https:\/\/www.emporioamazonervas.com.br\/index.php\/wp-json\/wp\/v2\/product_cat?post=2422"},{"taxonomy":"product_tag","embeddable":true,"href":"https:\/\/www.emporioamazonervas.com.br\/index.php\/wp-json\/wp\/v2\/product_tag?post=2422"}],"curies":[{"name":"wp","href":"https:\/\/api.w.org\/{rel}","templated":true}]}}