{"id":2417,"date":"2022-11-03T17:22:22","date_gmt":"2022-11-03T20:22:22","guid":{"rendered":"https:\/\/www.emporioamazonervas.com.br\/?post_type=product&#038;p=2417"},"modified":"2022-11-03T18:08:13","modified_gmt":"2022-11-03T21:08:13","slug":"collagen-renew-maca-verde-300g-nutrify","status":"publish","type":"product","link":"https:\/\/www.emporioamazonervas.com.br\/index.php\/produto\/collagen-renew-maca-verde-300g-nutrify\/","title":{"rendered":"Collagen Renew Ma\u00e7\u00e3 Verde 300g &#8211; Nutrify"},"content":{"rendered":"<p style=\"text-align: justify\">Collagen Renew Nutrify foi desenvolvido exclusivamente para auxiliar na manuten\u00e7\u00e3o da sa\u00fade da pele, nutrindo-a de dentro para fora. Cada por\u00e7\u00e3o de 10g fornece a quantidade ideal de Verisol\u00ae (2,5 g), os pept\u00eddeos de col\u00e1geno hidrolisado com ampla comprova\u00e7\u00e3o cient\u00edfica e atua\u00e7\u00e3o na sa\u00fade e na beleza de pele, unhas e cabelo. Collagen Renew Nutrify oferece ainda um mix de vitaminas e minerais antioxidantes, alto teor de prote\u00edna, pept\u00eddeos bioativos de Col\u00e1geno, auxilia no crescimento dos cabelos, vitaminas A, C, D, E e biotina.vitam<\/p>\n","protected":false},"excerpt":{"rendered":"<p style=\"text-align: justify\">Collagen Renew Nutrify oferece um mix de vitaminas e minerais antioxidantes, alto teor de prote\u00edna, pept\u00eddeos bioativos de Col\u00e1geno, auxilia no crescimento dos cabelos, vitaminas A, C, D, E e biotina.<\/p>\n","protected":false},"featured_media":2418,"comment_status":"open","ping_status":"closed","template":"","meta":[],"product_cat":[74],"product_tag":[316,308,786,554,310,556,555,557,399],"_links":{"self":[{"href":"https:\/\/www.emporioamazonervas.com.br\/index.php\/wp-json\/wp\/v2\/product\/2417"}],"collection":[{"href":"https:\/\/www.emporioamazonervas.com.br\/index.php\/wp-json\/wp\/v2\/product"}],"about":[{"href":"https:\/\/www.emporioamazonervas.com.br\/index.php\/wp-json\/wp\/v2\/types\/product"}],"replies":[{"embeddable":true,"href":"https:\/\/www.emporioamazonervas.com.br\/index.php\/wp-json\/wp\/v2\/comments?post=2417"}],"wp:featuredmedia":[{"embeddable":true,"href":"https:\/\/www.emporioamazonervas.com.br\/index.php\/wp-json\/wp\/v2\/media\/2418"}],"wp:attachment":[{"href":"https:\/\/www.emporioamazonervas.com.br\/index.php\/wp-json\/wp\/v2\/media?parent=2417"}],"wp:term":[{"taxonomy":"product_cat","embeddable":true,"href":"https:\/\/www.emporioamazonervas.com.br\/index.php\/wp-json\/wp\/v2\/product_cat?post=2417"},{"taxonomy":"product_tag","embeddable":true,"href":"https:\/\/www.emporioamazonervas.com.br\/index.php\/wp-json\/wp\/v2\/product_tag?post=2417"}],"curies":[{"name":"wp","href":"https:\/\/api.w.org\/{rel}","templated":true}]}}