{"id":2414,"date":"2022-11-03T17:18:57","date_gmt":"2022-11-03T20:18:57","guid":{"rendered":"https:\/\/www.emporioamazonervas.com.br\/?post_type=product&#038;p=2414"},"modified":"2022-11-22T17:23:19","modified_gmt":"2022-11-22T20:23:19","slug":"collagen-renew-laranja-300g-nutrify","status":"publish","type":"product","link":"https:\/\/www.emporioamazonervas.com.br\/index.php\/produto\/collagen-renew-laranja-300g-nutrify\/","title":{"rendered":"Collagen Renew Laranja 300g &#8211; Nutrify"},"content":{"rendered":"<p style=\"text-align: justify\">Collagen Renew Nutrify foi desenvolvido exclusivamente para auxiliar na manuten\u00e7\u00e3o da sa\u00fade da pele, nutrindo-a de dentro para fora. Cada por\u00e7\u00e3o de 10g fornece a quantidade ideal de Verisol\u00ae (2,5 g), os pept\u00eddeos de col\u00e1geno hidrolisado com ampla comprova\u00e7\u00e3o cient\u00edfica e atua\u00e7\u00e3o na sa\u00fade e na beleza de pele, unhas e cabelo. Collagen Renew Nutrify oferece ainda um mix de vitaminas e minerais antioxidantes, alto teor de prote\u00edna, pept\u00eddeos bioativos de Col\u00e1geno, auxilia no crescimento dos cabelos, vitaminas A, C, D, E e biotina.<\/p>\n","protected":false},"excerpt":{"rendered":"<p style=\"text-align: justify\">Collagen Renew Nutrify oferece um mix de vitaminas e minerais antioxidantes, alto teor de prote\u00edna, pept\u00eddeos bioativos de Col\u00e1geno, auxilia no crescimento dos cabelos, vitaminas A, C, D, E e biotina.<\/p>\n","protected":false},"featured_media":2416,"comment_status":"open","ping_status":"closed","template":"","meta":[],"product_cat":[74],"product_tag":[316,308,786,554,310,558,556,555,557,399],"_links":{"self":[{"href":"https:\/\/www.emporioamazonervas.com.br\/index.php\/wp-json\/wp\/v2\/product\/2414"}],"collection":[{"href":"https:\/\/www.emporioamazonervas.com.br\/index.php\/wp-json\/wp\/v2\/product"}],"about":[{"href":"https:\/\/www.emporioamazonervas.com.br\/index.php\/wp-json\/wp\/v2\/types\/product"}],"replies":[{"embeddable":true,"href":"https:\/\/www.emporioamazonervas.com.br\/index.php\/wp-json\/wp\/v2\/comments?post=2414"}],"wp:featuredmedia":[{"embeddable":true,"href":"https:\/\/www.emporioamazonervas.com.br\/index.php\/wp-json\/wp\/v2\/media\/2416"}],"wp:attachment":[{"href":"https:\/\/www.emporioamazonervas.com.br\/index.php\/wp-json\/wp\/v2\/media?parent=2414"}],"wp:term":[{"taxonomy":"product_cat","embeddable":true,"href":"https:\/\/www.emporioamazonervas.com.br\/index.php\/wp-json\/wp\/v2\/product_cat?post=2414"},{"taxonomy":"product_tag","embeddable":true,"href":"https:\/\/www.emporioamazonervas.com.br\/index.php\/wp-json\/wp\/v2\/product_tag?post=2414"}],"curies":[{"name":"wp","href":"https:\/\/api.w.org\/{rel}","templated":true}]}}