{"id":2408,"date":"2022-11-03T16:39:08","date_gmt":"2022-11-03T19:39:08","guid":{"rendered":"https:\/\/www.emporioamazonervas.com.br\/?post_type=product&#038;p=2408"},"modified":"2022-11-03T16:50:18","modified_gmt":"2022-11-03T19:50:18","slug":"juiced-up-matcha-com-frutas-tropicais-200g-nutrify","status":"publish","type":"product","link":"https:\/\/www.emporioamazonervas.com.br\/index.php\/produto\/juiced-up-matcha-com-frutas-tropicais-200g-nutrify\/","title":{"rendered":"Juiced Up Matcha com Frutas Tropicais 200g &#8211; Nutrify"},"content":{"rendered":"<p style=\"text-align: justify\">JUICED UP \u00e9 uma bebida naturalmente energ\u00e9tica, de baixo valor cal\u00f3rico, que ajuda voc\u00ea a realizar suas atividades di\u00e1rias com mais vitalidade e foco.<br \/>\nUma combina\u00e7\u00e3o perfeita entre guaran\u00e1, matcha org\u00e2nico, caf\u00e9 verde, c\u00farcuma, gengibre e pimenta vermelha em p\u00f3 que resulta num produto rico em polifen\u00f3is de a\u00e7\u00e3o antioxidante. A cafe\u00edna, reconhecida por seus efeitos neuroestimulantes, est\u00e1 presente na f\u00f3rmula de modo natural, derivada dos pr\u00f3prios ingredientes. Mantenha a sa\u00fade em alta de um jeito leve e revigorante com JUICED UP Nutrify.<\/p>\n","protected":false},"excerpt":{"rendered":"<p>JUICED UP \u00e9 uma bebida naturalmente energ\u00e9tica, de baixo valor cal\u00f3rico, que ajuda voc\u00ea a realizar suas atividades di\u00e1rias com mais vitalidade e foco.<\/p>\n","protected":false},"featured_media":2409,"comment_status":"open","ping_status":"closed","template":"","meta":[],"product_cat":[131],"product_tag":[316,263,136,531,573,772,134,135,407,256,524],"_links":{"self":[{"href":"https:\/\/www.emporioamazonervas.com.br\/index.php\/wp-json\/wp\/v2\/product\/2408"}],"collection":[{"href":"https:\/\/www.emporioamazonervas.com.br\/index.php\/wp-json\/wp\/v2\/product"}],"about":[{"href":"https:\/\/www.emporioamazonervas.com.br\/index.php\/wp-json\/wp\/v2\/types\/product"}],"replies":[{"embeddable":true,"href":"https:\/\/www.emporioamazonervas.com.br\/index.php\/wp-json\/wp\/v2\/comments?post=2408"}],"wp:featuredmedia":[{"embeddable":true,"href":"https:\/\/www.emporioamazonervas.com.br\/index.php\/wp-json\/wp\/v2\/media\/2409"}],"wp:attachment":[{"href":"https:\/\/www.emporioamazonervas.com.br\/index.php\/wp-json\/wp\/v2\/media?parent=2408"}],"wp:term":[{"taxonomy":"product_cat","embeddable":true,"href":"https:\/\/www.emporioamazonervas.com.br\/index.php\/wp-json\/wp\/v2\/product_cat?post=2408"},{"taxonomy":"product_tag","embeddable":true,"href":"https:\/\/www.emporioamazonervas.com.br\/index.php\/wp-json\/wp\/v2\/product_tag?post=2408"}],"curies":[{"name":"wp","href":"https:\/\/api.w.org\/{rel}","templated":true}]}}