{"id":2394,"date":"2022-11-01T18:51:26","date_gmt":"2022-11-01T21:51:26","guid":{"rendered":"https:\/\/www.emporioamazonervas.com.br\/?post_type=product&#038;p=2394"},"modified":"2022-11-03T12:08:18","modified_gmt":"2022-11-03T15:08:18","slug":"cha-verde-com-vit-e-min-sabor-abacaxi-com-hortela-200g-videira-7","status":"publish","type":"product","link":"https:\/\/www.emporioamazonervas.com.br\/index.php\/produto\/cha-verde-com-vit-e-min-sabor-abacaxi-com-hortela-200g-videira-7\/","title":{"rendered":"Ch\u00e1 Verde com Vit. e Min. Sabor: Abacaxi com Hortel\u00e3 200g &#8211; Videira 7"},"content":{"rendered":"<div id=\"blank-product-position1\"><\/div>\n<div class=\"abas-custom\">\n<div class=\"tab-content\">\n<div id=\"descricao\" class=\"tab-pane active\">\n<p style=\"text-align: justify\">P\u00f3 para o preparo de bebida de ch\u00e1 verde com polpa de abacaxi enriquecida com Vitamina C, Zinco, Sel\u00eanio sabor abacaxi com hortel\u00e3.<\/p>\n<p>Benef\u00edcios:<\/p>\n<ul>\n<li>Perda de peso;<\/li>\n<li>Diur\u00e9tico;<\/li>\n<li>Auxilia no desempenho f\u00edsico.<\/li>\n<\/ul>\n<\/div>\n<\/div>\n<\/div>\n<p>N\u00c3O CONT\u00c9M GL\u00daTEN.<\/p>\n","protected":false},"excerpt":{"rendered":"<div class=\"descricao-titulo padrao-desc\"><strong>Descri\u00e7\u00e3o<\/strong><\/div>\n<div class=\"box-descricao\">\n<div class=\"span12\">\n<div id=\"smarthint-product-position1\"><\/div>\n<div id=\"blank-product-position1\"><\/div>\n<div class=\"abas-custom\">\n<div class=\"tab-content\">\n<div id=\"descricao\" class=\"tab-pane active\">\n<p style=\"text-align: justify\">P\u00f3 para o preparo de bebida de ch\u00e1 verde com polpa de abacaxi enriquecida com Vitamina C, Zinco, Sel\u00eanio sabor abacaxi com hortel\u00e3.<\/p>\n<\/div>\n<\/div>\n<\/div>\n<\/div>\n<\/div>\n","protected":false},"featured_media":2397,"comment_status":"open","ping_status":"closed","template":"","meta":[],"product_cat":[131],"product_tag":[229,236,769,633,142,84,113,115],"_links":{"self":[{"href":"https:\/\/www.emporioamazonervas.com.br\/index.php\/wp-json\/wp\/v2\/product\/2394"}],"collection":[{"href":"https:\/\/www.emporioamazonervas.com.br\/index.php\/wp-json\/wp\/v2\/product"}],"about":[{"href":"https:\/\/www.emporioamazonervas.com.br\/index.php\/wp-json\/wp\/v2\/types\/product"}],"replies":[{"embeddable":true,"href":"https:\/\/www.emporioamazonervas.com.br\/index.php\/wp-json\/wp\/v2\/comments?post=2394"}],"wp:featuredmedia":[{"embeddable":true,"href":"https:\/\/www.emporioamazonervas.com.br\/index.php\/wp-json\/wp\/v2\/media\/2397"}],"wp:attachment":[{"href":"https:\/\/www.emporioamazonervas.com.br\/index.php\/wp-json\/wp\/v2\/media?parent=2394"}],"wp:term":[{"taxonomy":"product_cat","embeddable":true,"href":"https:\/\/www.emporioamazonervas.com.br\/index.php\/wp-json\/wp\/v2\/product_cat?post=2394"},{"taxonomy":"product_tag","embeddable":true,"href":"https:\/\/www.emporioamazonervas.com.br\/index.php\/wp-json\/wp\/v2\/product_tag?post=2394"}],"curies":[{"name":"wp","href":"https:\/\/api.w.org\/{rel}","templated":true}]}}