{"id":2368,"date":"2022-10-19T12:45:14","date_gmt":"2022-10-19T15:45:14","guid":{"rendered":"https:\/\/www.emporioamazonervas.com.br\/?post_type=product&#038;p=2368"},"modified":"2022-11-22T17:23:18","modified_gmt":"2022-11-22T20:23:18","slug":"creatina-hardcore-150g-integralmedica","status":"publish","type":"product","link":"https:\/\/www.emporioamazonervas.com.br\/index.php\/produto\/creatina-hardcore-150g-integralmedica\/","title":{"rendered":"Creatina Hardcore 150g &#8211; Integralm\u00e9dica"},"content":{"rendered":"<p class=\"__bs-whats-it-info-text\" style=\"text-align: justify\">A creatina \u00e9 um composto que pode ser produzido pelo nosso organismo, atrav\u00e9s do consumo de alimentos de origem animal como carnes e peixes mas tamb\u00e9m pode se suplementada na forma de creatina mono-hidratada. Tem importante papel no fortalecimento dos ossos, melhora o metabolismo e diminui a fadiga p\u00f3s treino.<\/p>\n<p style=\"text-align: justify\">\n<p class=\"__bs-whats-it-info-text\" style=\"text-align: justify\">O uso da creatina est\u00e1 altamente relacionado com o aumento do volume muscular e for\u00e7a. Com creatina, a sua resist\u00eancia \u00e1 cargas mais pesadas ficar\u00e1 fortalecida possibilitando aumento de cargas para melhores resultados.<\/p>\n<div class=\"__bs-whats-for-checks\" style=\"text-align: justify\">\n<div class=\"__bs-whats-for-check-container\">\n<ul>\n<li class=\"__bs-whats-for-text\">Ganhar massa muscular;<\/li>\n<\/ul>\n<\/div>\n<div class=\"__bs-whats-for-check-container\">\n<div class=\"__bs-whats-for-check\"><\/div>\n<ul>\n<li class=\"__bs-whats-for-text\">Melhorar performance;<\/li>\n<\/ul>\n<\/div>\n<div class=\"__bs-whats-for-check-container\">\n<div class=\"__bs-whats-for-check\"><\/div>\n<ul>\n<li class=\"__bs-whats-for-text\">Acelerar o processo de recupera\u00e7\u00e3o;<\/li>\n<\/ul>\n<\/div>\n<div class=\"__bs-whats-for-check-container\">\n<div class=\"__bs-whats-for-check\"><\/div>\n<ul>\n<li class=\"__bs-whats-for-text\">Aumento de for\u00e7a.<\/li>\n<\/ul>\n<\/div>\n<\/div>\n<div class=\"__bs-whats-for-info\">\n<p class=\"__bs-whats-for-info-text\" style=\"text-align: justify\">A suplementa\u00e7\u00e3o com Creatina Hardcore auxilia no aumento dos estoques e no armazenamento da creatina dentro do m\u00fasculo, o que \u00e9 fundamental para a produ\u00e7\u00e3o da energia usada na contra\u00e7\u00e3o muscular.<\/p>\n<p class=\"__bs-whats-for-info-text\" style=\"text-align: justify\">Quanto maior for a capacidade de contra\u00e7\u00e3o muscular de uma pessoa, maior ser\u00e1 sua capacidade de realizar treinos intensos ou volumosos.<\/p>\n<p class=\"__bs-whats-for-info-text\" style=\"text-align: justify\">Treinos intensos ou volumosos s\u00e3o necess\u00e1rios para quem deseja ganhar for\u00e7a e massa muscular. Assim, a Creatina Hardcore \u00e9 um suplemento indispens\u00e1vel para quem deseja ganho de for\u00e7a e massa muscular.<\/p>\n<\/div>\n","protected":false},"excerpt":{"rendered":"<p>A creatina \u00e9 um composto que pode ser produzido pelo nosso organismo, atrav\u00e9s do consumo<a class=\"read-more\" href=\"https:\/\/www.emporioamazonervas.com.br\/index.php\/produto\/creatina-hardcore-150g-integralmedica\/\">&#8230;<\/a><\/p>\n","protected":false},"featured_media":2369,"comment_status":"open","ping_status":"closed","template":"","meta":[],"product_cat":[131,589,39],"product_tag":[771,581,379,770,361,672,89,763,380],"_links":{"self":[{"href":"https:\/\/www.emporioamazonervas.com.br\/index.php\/wp-json\/wp\/v2\/product\/2368"}],"collection":[{"href":"https:\/\/www.emporioamazonervas.com.br\/index.php\/wp-json\/wp\/v2\/product"}],"about":[{"href":"https:\/\/www.emporioamazonervas.com.br\/index.php\/wp-json\/wp\/v2\/types\/product"}],"replies":[{"embeddable":true,"href":"https:\/\/www.emporioamazonervas.com.br\/index.php\/wp-json\/wp\/v2\/comments?post=2368"}],"wp:featuredmedia":[{"embeddable":true,"href":"https:\/\/www.emporioamazonervas.com.br\/index.php\/wp-json\/wp\/v2\/media\/2369"}],"wp:attachment":[{"href":"https:\/\/www.emporioamazonervas.com.br\/index.php\/wp-json\/wp\/v2\/media?parent=2368"}],"wp:term":[{"taxonomy":"product_cat","embeddable":true,"href":"https:\/\/www.emporioamazonervas.com.br\/index.php\/wp-json\/wp\/v2\/product_cat?post=2368"},{"taxonomy":"product_tag","embeddable":true,"href":"https:\/\/www.emporioamazonervas.com.br\/index.php\/wp-json\/wp\/v2\/product_tag?post=2368"}],"curies":[{"name":"wp","href":"https:\/\/api.w.org\/{rel}","templated":true}]}}