{"id":2325,"date":"2022-09-27T18:16:55","date_gmt":"2022-09-27T21:16:55","guid":{"rendered":"https:\/\/www.emporioamazonervas.com.br\/?post_type=product&#038;p=2325"},"modified":"2022-09-27T18:17:12","modified_gmt":"2022-09-27T21:17:12","slug":"colageno-verisol-coq10-acido-hialuronico-morango-laranja-200g-videira-7","status":"publish","type":"product","link":"https:\/\/www.emporioamazonervas.com.br\/index.php\/produto\/colageno-verisol-coq10-acido-hialuronico-morango-laranja-200g-videira-7\/","title":{"rendered":"Col\u00e1geno Verisol CoQ10 +\u00c1cido Hialur\u00f4nico Morango\/Laranja 200g \u2013 Videira 7"},"content":{"rendered":"<p style=\"text-align: justify\">Ele fortalece e aumenta a elasticidade da pele, prevenindo o aparecimento de rugas e linhas de express\u00e3o, al\u00e9m de dar aquele toque especial nos cabelos e unhas, deixando-os mais resistentes e protegidos. Contribui na diminui\u00e7\u00e3o de linhas finas, flacidez e manchas.<\/p>\n","protected":false},"excerpt":{"rendered":"<p>Ele fortalece e aumenta a elasticidade da pele, prevenindo o aparecimento de rugas e linhas<a class=\"read-more\" href=\"https:\/\/www.emporioamazonervas.com.br\/index.php\/produto\/colageno-verisol-coq10-acido-hialuronico-morango-laranja-200g-videira-7\/\">&#8230;<\/a><\/p>\n","protected":false},"featured_media":2326,"comment_status":"open","ping_status":"closed","template":"","meta":[],"product_cat":[74],"product_tag":[542,652,554,737,596,654,556,555,557,112,113,114,115],"_links":{"self":[{"href":"https:\/\/www.emporioamazonervas.com.br\/index.php\/wp-json\/wp\/v2\/product\/2325"}],"collection":[{"href":"https:\/\/www.emporioamazonervas.com.br\/index.php\/wp-json\/wp\/v2\/product"}],"about":[{"href":"https:\/\/www.emporioamazonervas.com.br\/index.php\/wp-json\/wp\/v2\/types\/product"}],"replies":[{"embeddable":true,"href":"https:\/\/www.emporioamazonervas.com.br\/index.php\/wp-json\/wp\/v2\/comments?post=2325"}],"wp:featuredmedia":[{"embeddable":true,"href":"https:\/\/www.emporioamazonervas.com.br\/index.php\/wp-json\/wp\/v2\/media\/2326"}],"wp:attachment":[{"href":"https:\/\/www.emporioamazonervas.com.br\/index.php\/wp-json\/wp\/v2\/media?parent=2325"}],"wp:term":[{"taxonomy":"product_cat","embeddable":true,"href":"https:\/\/www.emporioamazonervas.com.br\/index.php\/wp-json\/wp\/v2\/product_cat?post=2325"},{"taxonomy":"product_tag","embeddable":true,"href":"https:\/\/www.emporioamazonervas.com.br\/index.php\/wp-json\/wp\/v2\/product_tag?post=2325"}],"curies":[{"name":"wp","href":"https:\/\/api.w.org\/{rel}","templated":true}]}}