{"id":2306,"date":"2022-09-27T11:14:00","date_gmt":"2022-09-27T14:14:00","guid":{"rendered":"https:\/\/www.emporioamazonervas.com.br\/?post_type=product&#038;p=2306"},"modified":"2024-12-31T21:59:09","modified_gmt":"2025-01-01T00:59:09","slug":"uxi-amarelo-c-unha-de-gato-e-barbatimao-60-caps-500mg-natus-verde","status":"publish","type":"product","link":"https:\/\/www.emporioamazonervas.com.br\/index.php\/produto\/uxi-amarelo-c-unha-de-gato-e-barbatimao-60-caps-500mg-natus-verde\/","title":{"rendered":"Uxi Amarelo c\/ Unha de Gato e Barbatim\u00e3o 60 caps 500mg &#8211; Natus Verde"},"content":{"rendered":"<p style=\"text-align: justify\">Composto natural usado no combate a miomas, cistos, inflama\u00e7\u00f5es no \u00fatero e ov\u00e1rio. Trata e previne qualquer tipo de infec\u00e7\u00e3o, inclusive urin\u00e1ria, reumatismo, gastrite e c\u00e2ncer, por ser antibi\u00f3tico natural.<\/p>\n","protected":false},"excerpt":{"rendered":"<p>Composto natural usado no combate a miomas, cistos, inflama\u00e7\u00f5es no \u00fatero e ov\u00e1rio. Trata e<a class=\"read-more\" href=\"https:\/\/www.emporioamazonervas.com.br\/index.php\/produto\/uxi-amarelo-c-unha-de-gato-e-barbatimao-60-caps-500mg-natus-verde\/\">&#8230;<\/a><\/p>\n","protected":false},"featured_media":2307,"comment_status":"open","ping_status":"closed","template":"","meta":[],"product_cat":[173],"product_tag":[523,728,684,599,730,578,729],"_links":{"self":[{"href":"https:\/\/www.emporioamazonervas.com.br\/index.php\/wp-json\/wp\/v2\/product\/2306"}],"collection":[{"href":"https:\/\/www.emporioamazonervas.com.br\/index.php\/wp-json\/wp\/v2\/product"}],"about":[{"href":"https:\/\/www.emporioamazonervas.com.br\/index.php\/wp-json\/wp\/v2\/types\/product"}],"replies":[{"embeddable":true,"href":"https:\/\/www.emporioamazonervas.com.br\/index.php\/wp-json\/wp\/v2\/comments?post=2306"}],"wp:featuredmedia":[{"embeddable":true,"href":"https:\/\/www.emporioamazonervas.com.br\/index.php\/wp-json\/wp\/v2\/media\/2307"}],"wp:attachment":[{"href":"https:\/\/www.emporioamazonervas.com.br\/index.php\/wp-json\/wp\/v2\/media?parent=2306"}],"wp:term":[{"taxonomy":"product_cat","embeddable":true,"href":"https:\/\/www.emporioamazonervas.com.br\/index.php\/wp-json\/wp\/v2\/product_cat?post=2306"},{"taxonomy":"product_tag","embeddable":true,"href":"https:\/\/www.emporioamazonervas.com.br\/index.php\/wp-json\/wp\/v2\/product_tag?post=2306"}],"curies":[{"name":"wp","href":"https:\/\/api.w.org\/{rel}","templated":true}]}}