{"id":2164,"date":"2022-09-16T16:06:59","date_gmt":"2022-09-16T19:06:59","guid":{"rendered":"https:\/\/www.emporioamazonervas.com.br\/?post_type=product&#038;p=2164"},"modified":"2023-06-02T02:48:15","modified_gmt":"2023-06-02T05:48:15","slug":"cha-verde-c-gengibre-60-caps-500mg-natus-verde","status":"publish","type":"product","link":"https:\/\/www.emporioamazonervas.com.br\/index.php\/produto\/cha-verde-c-gengibre-60-caps-500mg-natus-verde\/","title":{"rendered":"Cha Verde C\/Gengibre 60 Caps 500mg &#8211; Natus Verde"},"content":{"rendered":"<p>O ch\u00e1 Verde ajuda no processo de emagrecimento, diminui as taxas de colesterol e controla a press\u00e3o arterial. Com altas concentra\u00e7\u00f5es de antioxidantes, carotenoides, flavonoides e minerais, ajuda a desintoxicar o organismo.<\/p>\n<p>O Gengibre possui propriedades termog\u00eanicas.<\/p>\n<p>Potencializa a a\u00e7\u00e3o do ch\u00e1 verde promovendo a acelera\u00e7\u00e3o do metabolismo, o que favorece a queima de gorduras.<\/p>\n","protected":false},"excerpt":{"rendered":"<p>O ch\u00e1 Verde ajuda no processo de emagrecimento, diminui as taxas de colesterol e controla<a class=\"read-more\" href=\"https:\/\/www.emporioamazonervas.com.br\/index.php\/produto\/cha-verde-c-gengibre-60-caps-500mg-natus-verde\/\">&#8230;<\/a><\/p>\n","protected":false},"featured_media":2159,"comment_status":"open","ping_status":"closed","template":"","meta":[],"product_cat":[482,173],"product_tag":[316,229,227,187,134,133],"_links":{"self":[{"href":"https:\/\/www.emporioamazonervas.com.br\/index.php\/wp-json\/wp\/v2\/product\/2164"}],"collection":[{"href":"https:\/\/www.emporioamazonervas.com.br\/index.php\/wp-json\/wp\/v2\/product"}],"about":[{"href":"https:\/\/www.emporioamazonervas.com.br\/index.php\/wp-json\/wp\/v2\/types\/product"}],"replies":[{"embeddable":true,"href":"https:\/\/www.emporioamazonervas.com.br\/index.php\/wp-json\/wp\/v2\/comments?post=2164"}],"wp:featuredmedia":[{"embeddable":true,"href":"https:\/\/www.emporioamazonervas.com.br\/index.php\/wp-json\/wp\/v2\/media\/2159"}],"wp:attachment":[{"href":"https:\/\/www.emporioamazonervas.com.br\/index.php\/wp-json\/wp\/v2\/media?parent=2164"}],"wp:term":[{"taxonomy":"product_cat","embeddable":true,"href":"https:\/\/www.emporioamazonervas.com.br\/index.php\/wp-json\/wp\/v2\/product_cat?post=2164"},{"taxonomy":"product_tag","embeddable":true,"href":"https:\/\/www.emporioamazonervas.com.br\/index.php\/wp-json\/wp\/v2\/product_tag?post=2164"}],"curies":[{"name":"wp","href":"https:\/\/api.w.org\/{rel}","templated":true}]}}