{"id":2087,"date":"2022-09-02T12:11:38","date_gmt":"2022-09-02T15:11:38","guid":{"rendered":"http:\/\/www.emporioamazonervas.com.br\/?post_type=product&#038;p=2087"},"modified":"2022-09-16T16:52:39","modified_gmt":"2022-09-16T19:52:39","slug":"aloe-vera-suplemento-liquido-500ml-apisnutri","status":"publish","type":"product","link":"https:\/\/www.emporioamazonervas.com.br\/index.php\/produto\/aloe-vera-suplemento-liquido-500ml-apisnutri\/","title":{"rendered":"Aloe Vera Suplemento L\u00edquido 500ml &#8211; ApisNutri"},"content":{"rendered":"<div style=\"text-align: justify\">\n<p>Suplemento alimentar de<strong>\u00a0vitamina A<\/strong>\u00a0e\u00a0<strong>vitamina C<\/strong>\u00a0com\u00a0<strong>sabor de aloe vera.<\/strong><\/p>\n<p>&nbsp;<\/p>\n<\/div>\n<div style=\"text-align: justify\"><strong>Vitamina A:<\/strong><\/div>\n<ul style=\"text-align: justify\">\n<li>auxilia na\u00a0<strong>vis\u00e3o;<\/strong><\/li>\n<li>importante para o\u00a0<strong>metabolismo do ferro;<\/strong><\/li>\n<li>contribui para a manuten\u00e7\u00e3o da\u00a0<strong style=\"font-size: 1rem\">pele.<\/strong><\/li>\n<\/ul>\n<p><strong style=\"font-size: 1rem\">Vitamina C:<\/strong><\/p>\n<ul style=\"text-align: justify\">\n<li>auxilia na absor\u00e7\u00e3o de\u00a0<strong>ferro<\/strong>\u00a0dos alimentos<\/li>\n<\/ul>\n<div style=\"text-align: justify\"><strong>Vitamina A\u00a0<\/strong>e<strong>\u00a0vitamina C\u00a0<\/strong>auxiliam no funcionamento do\u00a0<strong>sistema imune.<\/strong><\/div>\n<div><\/div>\n<div>\n<p>&#8211; N\u00c3O CONT\u00c9M GL\u00daTEN.<\/p>\n<\/div>\n","protected":false},"excerpt":{"rendered":"<p>Suplemento alimentar de\u00a0vitamina A\u00a0e\u00a0vitamina C\u00a0com\u00a0sabor de aloe vera. &nbsp; Vitamina A: auxilia na\u00a0vis\u00e3o; importante para<a class=\"read-more\" href=\"https:\/\/www.emporioamazonervas.com.br\/index.php\/produto\/aloe-vera-suplemento-liquido-500ml-apisnutri\/\">&#8230;<\/a><\/p>\n","protected":false},"featured_media":2198,"comment_status":"open","ping_status":"closed","template":"","meta":[],"product_cat":[39],"product_tag":[624,625,556,518,626,469,112,113],"_links":{"self":[{"href":"https:\/\/www.emporioamazonervas.com.br\/index.php\/wp-json\/wp\/v2\/product\/2087"}],"collection":[{"href":"https:\/\/www.emporioamazonervas.com.br\/index.php\/wp-json\/wp\/v2\/product"}],"about":[{"href":"https:\/\/www.emporioamazonervas.com.br\/index.php\/wp-json\/wp\/v2\/types\/product"}],"replies":[{"embeddable":true,"href":"https:\/\/www.emporioamazonervas.com.br\/index.php\/wp-json\/wp\/v2\/comments?post=2087"}],"wp:featuredmedia":[{"embeddable":true,"href":"https:\/\/www.emporioamazonervas.com.br\/index.php\/wp-json\/wp\/v2\/media\/2198"}],"wp:attachment":[{"href":"https:\/\/www.emporioamazonervas.com.br\/index.php\/wp-json\/wp\/v2\/media?parent=2087"}],"wp:term":[{"taxonomy":"product_cat","embeddable":true,"href":"https:\/\/www.emporioamazonervas.com.br\/index.php\/wp-json\/wp\/v2\/product_cat?post=2087"},{"taxonomy":"product_tag","embeddable":true,"href":"https:\/\/www.emporioamazonervas.com.br\/index.php\/wp-json\/wp\/v2\/product_tag?post=2087"}],"curies":[{"name":"wp","href":"https:\/\/api.w.org\/{rel}","templated":true}]}}