{"id":2074,"date":"2022-09-01T18:27:26","date_gmt":"2022-09-01T21:27:26","guid":{"rendered":"http:\/\/www.emporioamazonervas.com.br\/?post_type=product&#038;p=2074"},"modified":"2022-09-20T18:03:16","modified_gmt":"2022-09-20T21:03:16","slug":"guarana-60-caps-500mg-clinicmais","status":"publish","type":"product","link":"https:\/\/www.emporioamazonervas.com.br\/index.php\/produto\/guarana-60-caps-500mg-clinicmais\/","title":{"rendered":"Guaran\u00e1 60 caps 500mg &#8211; ClinicMais"},"content":{"rendered":"<p class=\"_28cEs\" style=\"text-align: justify\"><strong>O guaran\u00e1\u00a0 proporciona benef\u00edcios, atuando na melhora do\u00a0desempenho f\u00edsico e concentra\u00e7\u00e3o, al\u00edvio de dores de cabe\u00e7a e controle dos n\u00edveis de colesterol e a\u00e7\u00facar no sangue.<\/strong><\/p>\n<p style=\"text-align: justify\">Este produto melhora o desempenho nos exerc\u00edcios, por conter boas quantidades de cafe\u00edna, o p\u00f3 de guaran\u00e1 \u00e9 aliado de atletas e praticantes de exerc\u00edcios f\u00edsicos.<\/p>\n<p style=\"text-align: justify\">\u2022 Energ\u00e9tico natural que oferece mais disposi\u00e7\u00e3o.<\/p>\n<p style=\"text-align: justify\">\u2022 O guaran\u00e1 estimula a libera\u00e7\u00e3o de dopamina e adrenalina na corrente sangu\u00ednea, combatendo o cansa\u00e7o f\u00edsico e mental.<\/p>\n<p style=\"text-align: justify\">\u2022 Facilita a capacidade e concentra\u00e7\u00e3o e racioc\u00ednio.<\/p>\n<p style=\"text-align: justify\">\u2022 Muito consumido por estudantes e profissionais que enfrentam longas jornadas de trabalho.<\/p>\n<p style=\"text-align: justify\">&#8211; N\u00c3O CONT\u00c9M GL\u00daTEN.<\/p>\n","protected":false},"excerpt":{"rendered":"<p>O guaran\u00e1\u00a0 proporciona benef\u00edcios, atuando na melhora do\u00a0desempenho f\u00edsico e concentra\u00e7\u00e3o, al\u00edvio de dores de<a class=\"read-more\" href=\"https:\/\/www.emporioamazonervas.com.br\/index.php\/produto\/guarana-60-caps-500mg-clinicmais\/\">&#8230;<\/a><\/p>\n","protected":false},"featured_media":2200,"comment_status":"open","ping_status":"closed","template":"","meta":[],"product_cat":[173],"product_tag":[614,616,484,227,581,613,615,579,573],"_links":{"self":[{"href":"https:\/\/www.emporioamazonervas.com.br\/index.php\/wp-json\/wp\/v2\/product\/2074"}],"collection":[{"href":"https:\/\/www.emporioamazonervas.com.br\/index.php\/wp-json\/wp\/v2\/product"}],"about":[{"href":"https:\/\/www.emporioamazonervas.com.br\/index.php\/wp-json\/wp\/v2\/types\/product"}],"replies":[{"embeddable":true,"href":"https:\/\/www.emporioamazonervas.com.br\/index.php\/wp-json\/wp\/v2\/comments?post=2074"}],"wp:featuredmedia":[{"embeddable":true,"href":"https:\/\/www.emporioamazonervas.com.br\/index.php\/wp-json\/wp\/v2\/media\/2200"}],"wp:attachment":[{"href":"https:\/\/www.emporioamazonervas.com.br\/index.php\/wp-json\/wp\/v2\/media?parent=2074"}],"wp:term":[{"taxonomy":"product_cat","embeddable":true,"href":"https:\/\/www.emporioamazonervas.com.br\/index.php\/wp-json\/wp\/v2\/product_cat?post=2074"},{"taxonomy":"product_tag","embeddable":true,"href":"https:\/\/www.emporioamazonervas.com.br\/index.php\/wp-json\/wp\/v2\/product_tag?post=2074"}],"curies":[{"name":"wp","href":"https:\/\/api.w.org\/{rel}","templated":true}]}}