{"id":2025,"date":"2022-08-29T18:22:18","date_gmt":"2022-08-29T21:22:18","guid":{"rendered":"http:\/\/www.emporioamazonervas.com.br\/?post_type=product&#038;p=2025"},"modified":"2022-09-16T17:55:46","modified_gmt":"2022-09-16T20:55:46","slug":"curcuma-60-caps-500mg-apisnutri","status":"publish","type":"product","link":"https:\/\/www.emporioamazonervas.com.br\/index.php\/produto\/curcuma-60-caps-500mg-apisnutri\/","title":{"rendered":"C\u00farcuma 60 caps 500mg &#8211; ApisNutri"},"content":{"rendered":"<p style=\"text-align: justify\">A c\u00farcuma tem alto poder antioxidante e anti-inflamat\u00f3rio, os quais geram outras fun\u00e7\u00f5es antioxidantes fortalecendo o sistema imunol\u00f3gico. Ainda, a c\u00farcuma auxilia na perca de peso, melhora a digest\u00e3o e alivia os sintomas de tens\u00e3o pr\u00e9-menstrual.<\/p>\n<p style=\"text-align: justify\">Recomenda\u00e7\u00e3o de Uso: Consumir 2 capsulas por dia.<\/p>\n<p style=\"text-align: justify\">N\u00c3O CONT\u00c9M GL\u00daTEN.<\/p>\n","protected":false},"excerpt":{"rendered":"<p>A c\u00farcuma tem alto poder antioxidante e anti-inflamat\u00f3rio, os quais geram outras fun\u00e7\u00f5es antioxidantes fortalecendo<a class=\"read-more\" href=\"https:\/\/www.emporioamazonervas.com.br\/index.php\/produto\/curcuma-60-caps-500mg-apisnutri\/\">&#8230;<\/a><\/p>\n","protected":false},"featured_media":2221,"comment_status":"open","ping_status":"closed","template":"","meta":[],"product_cat":[173],"product_tag":[507,316,528,508,529,530],"_links":{"self":[{"href":"https:\/\/www.emporioamazonervas.com.br\/index.php\/wp-json\/wp\/v2\/product\/2025"}],"collection":[{"href":"https:\/\/www.emporioamazonervas.com.br\/index.php\/wp-json\/wp\/v2\/product"}],"about":[{"href":"https:\/\/www.emporioamazonervas.com.br\/index.php\/wp-json\/wp\/v2\/types\/product"}],"replies":[{"embeddable":true,"href":"https:\/\/www.emporioamazonervas.com.br\/index.php\/wp-json\/wp\/v2\/comments?post=2025"}],"wp:featuredmedia":[{"embeddable":true,"href":"https:\/\/www.emporioamazonervas.com.br\/index.php\/wp-json\/wp\/v2\/media\/2221"}],"wp:attachment":[{"href":"https:\/\/www.emporioamazonervas.com.br\/index.php\/wp-json\/wp\/v2\/media?parent=2025"}],"wp:term":[{"taxonomy":"product_cat","embeddable":true,"href":"https:\/\/www.emporioamazonervas.com.br\/index.php\/wp-json\/wp\/v2\/product_cat?post=2025"},{"taxonomy":"product_tag","embeddable":true,"href":"https:\/\/www.emporioamazonervas.com.br\/index.php\/wp-json\/wp\/v2\/product_tag?post=2025"}],"curies":[{"name":"wp","href":"https:\/\/api.w.org\/{rel}","templated":true}]}}