{"id":2019,"date":"2022-08-29T17:51:36","date_gmt":"2022-08-29T20:51:36","guid":{"rendered":"http:\/\/www.emporioamazonervas.com.br\/?post_type=product&#038;p=2019"},"modified":"2022-12-15T17:56:51","modified_gmt":"2022-12-15T20:56:51","slug":"curcuma-com-dimalato-60-caps-videira-7","status":"publish","type":"product","link":"https:\/\/www.emporioamazonervas.com.br\/index.php\/produto\/curcuma-com-dimalato-60-caps-videira-7\/","title":{"rendered":"C\u00farcuma com Dimalato 60 caps &#8211; Videira 7"},"content":{"rendered":"<p style=\"text-align: justify\">O magn\u00e9sio dimalato favorece maior absor\u00e7\u00e3o de c\u00e1lcio de grande valia para sa\u00fade dos ossos, j\u00e1 a c\u00farcuma \u00e9 uma planta que \u00e9 rica em \u00f3leos essenciais, refor\u00e7ando o sistema imunol\u00f3gico e atua como poderoso antioxidante e efeito anti-inflamat\u00f3rio.<\/p>\n<ul>\n<li>Sa\u00fade neuromuscular;<\/li>\n<li>Melhora a digest\u00e3o;<\/li>\n<li>Auxilia na perda de peso;<\/li>\n<li>Atua na sa\u00fade do cora\u00e7\u00e3o;<\/li>\n<li>Reduz fraqueza muscular e c\u00e2imbras<\/li>\n<li>Previne osteoporose;<\/li>\n<li>Diminui os n\u00edveis de colesterol;<\/li>\n<li>Energia.<\/li>\n<\/ul>\n<p>&#8211;\u00a0N\u00c3O CONT\u00c9M GL\u00daTEN.<\/p>\n<p>&#8211; ZERO CALORIAS.<\/p>\n","protected":false},"excerpt":{"rendered":"<p>O magn\u00e9sio dimalato favorece maior absor\u00e7\u00e3o de c\u00e1lcio de grande valia para sa\u00fade dos ossos,<a class=\"read-more\" href=\"https:\/\/www.emporioamazonervas.com.br\/index.php\/produto\/curcuma-com-dimalato-60-caps-videira-7\/\">&#8230;<\/a><\/p>\n","protected":false},"featured_media":2666,"comment_status":"open","ping_status":"closed","template":"","meta":[],"product_cat":[173],"product_tag":[507,316,266,360,508,175,588,89],"_links":{"self":[{"href":"https:\/\/www.emporioamazonervas.com.br\/index.php\/wp-json\/wp\/v2\/product\/2019"}],"collection":[{"href":"https:\/\/www.emporioamazonervas.com.br\/index.php\/wp-json\/wp\/v2\/product"}],"about":[{"href":"https:\/\/www.emporioamazonervas.com.br\/index.php\/wp-json\/wp\/v2\/types\/product"}],"replies":[{"embeddable":true,"href":"https:\/\/www.emporioamazonervas.com.br\/index.php\/wp-json\/wp\/v2\/comments?post=2019"}],"wp:featuredmedia":[{"embeddable":true,"href":"https:\/\/www.emporioamazonervas.com.br\/index.php\/wp-json\/wp\/v2\/media\/2666"}],"wp:attachment":[{"href":"https:\/\/www.emporioamazonervas.com.br\/index.php\/wp-json\/wp\/v2\/media?parent=2019"}],"wp:term":[{"taxonomy":"product_cat","embeddable":true,"href":"https:\/\/www.emporioamazonervas.com.br\/index.php\/wp-json\/wp\/v2\/product_cat?post=2019"},{"taxonomy":"product_tag","embeddable":true,"href":"https:\/\/www.emporioamazonervas.com.br\/index.php\/wp-json\/wp\/v2\/product_tag?post=2019"}],"curies":[{"name":"wp","href":"https:\/\/api.w.org\/{rel}","templated":true}]}}