{"id":2017,"date":"2022-08-29T17:32:28","date_gmt":"2022-08-29T20:32:28","guid":{"rendered":"http:\/\/www.emporioamazonervas.com.br\/?post_type=product&#038;p=2017"},"modified":"2022-12-26T17:50:45","modified_gmt":"2022-12-26T20:50:45","slug":"oleo-de-coco-60-caps-cha-mais","status":"publish","type":"product","link":"https:\/\/www.emporioamazonervas.com.br\/index.php\/produto\/oleo-de-coco-60-caps-cha-mais\/","title":{"rendered":"Morosil 100% 30 Caps 500mg &#8211; Videira 7"},"content":{"rendered":"<p style=\"text-align: justify\">O Morosil\u00ae contribui de maneira eficaz no emagrecimento e redu\u00e7\u00e3o de medidas, principalmente na regi\u00e3o do abd\u00f4men, onde o produto atua com maior efic\u00e1cia, diminuindo consideravelmente c\u00e9lulas de gordura, devido \u00e0 promo\u00e7\u00e3o da redu\u00e7\u00e3o do ac\u00famulo de lip\u00eddeos no organismo. Al\u00e9m disso, o Morosil\u00ae pode ser utilizado para melhorar a qualidade da pele, por conta da concentra\u00e7\u00e3o elevada de vitamina C e \u00e1cidos hidroxicin\u00e2micos que possui, subst\u00e2ncias que t\u00eam a\u00e7\u00e3o antioxidante e previnem o envelhecimento precoce da tez. O produto tamb\u00e9m pode ser aplicado para cuidar da sa\u00fade e bom funcionamento do organismo, devido \u00e0s suas altas taxas de flavonoides. Ademais, tamb\u00e9m aumenta a sensibilidade \u00e0 insulina, reduz os triglicer\u00eddeos e o colesterol total.<\/p>\n","protected":false},"excerpt":{"rendered":"<p>O Morosil\u00ae contribui de maneira eficaz no emagrecimento e redu\u00e7\u00e3o de medidas, principalmente na regi\u00e3o<a class=\"read-more\" href=\"https:\/\/www.emporioamazonervas.com.br\/index.php\/produto\/oleo-de-coco-60-caps-cha-mais\/\">&#8230;<\/a><\/p>\n","protected":false},"featured_media":2789,"comment_status":"open","ping_status":"closed","template":"","meta":[],"product_cat":[173],"product_tag":[587,316,187,950,951,725,556,113],"_links":{"self":[{"href":"https:\/\/www.emporioamazonervas.com.br\/index.php\/wp-json\/wp\/v2\/product\/2017"}],"collection":[{"href":"https:\/\/www.emporioamazonervas.com.br\/index.php\/wp-json\/wp\/v2\/product"}],"about":[{"href":"https:\/\/www.emporioamazonervas.com.br\/index.php\/wp-json\/wp\/v2\/types\/product"}],"replies":[{"embeddable":true,"href":"https:\/\/www.emporioamazonervas.com.br\/index.php\/wp-json\/wp\/v2\/comments?post=2017"}],"wp:featuredmedia":[{"embeddable":true,"href":"https:\/\/www.emporioamazonervas.com.br\/index.php\/wp-json\/wp\/v2\/media\/2789"}],"wp:attachment":[{"href":"https:\/\/www.emporioamazonervas.com.br\/index.php\/wp-json\/wp\/v2\/media?parent=2017"}],"wp:term":[{"taxonomy":"product_cat","embeddable":true,"href":"https:\/\/www.emporioamazonervas.com.br\/index.php\/wp-json\/wp\/v2\/product_cat?post=2017"},{"taxonomy":"product_tag","embeddable":true,"href":"https:\/\/www.emporioamazonervas.com.br\/index.php\/wp-json\/wp\/v2\/product_tag?post=2017"}],"curies":[{"name":"wp","href":"https:\/\/api.w.org\/{rel}","templated":true}]}}