{"id":2004,"date":"2022-08-29T12:10:10","date_gmt":"2022-08-29T15:10:10","guid":{"rendered":"http:\/\/www.emporioamazonervas.com.br\/?post_type=product&#038;p=2004"},"modified":"2022-12-15T17:45:18","modified_gmt":"2022-12-15T20:45:18","slug":"magnesio-taurato-60-caps-730mg-apisnutri","status":"publish","type":"product","link":"https:\/\/www.emporioamazonervas.com.br\/index.php\/produto\/magnesio-taurato-60-caps-730mg-apisnutri\/","title":{"rendered":"Magn\u00e9sio Taurato 60 caps 730mg &#8211; ApisNutri"},"content":{"rendered":"<p style=\"text-align: justify\">\u00c9 o resultado da liga\u00e7\u00e3o do mineral magn\u00e9sio com o amino\u00e1cido taurina, proporcionando o sinergismo destes dois nutrientes e seus in\u00fameros benef\u00edcios ao organismo.<\/p>\n<p style=\"text-align: justify\">Confira as fun\u00e7\u00f5es desses elementos no organismo:<\/p>\n<p style=\"text-align: justify\">Magn\u00e9sio\u00a0desempenha diversas fun\u00e7\u00f5es bioqu\u00edmicas, sendo as principais relacionadas \u00e0 prote\u00e7\u00e3o e funcionamento muscular, neural e cardiovascular, bem como \u00e9 fundamental para o metabolismo energ\u00e9tico, de prote\u00ednas, carboidratos e gorduras, al\u00e9m de ser importante para o equil\u00edbrio eletrol\u00edtico do organismo.<\/p>\n<p style=\"text-align: justify\">J\u00e1\u00a0Taurina\u00a0atua na sa\u00fade cerebral e suas fun\u00e7\u00f5es cognitivas, no sistema musculo esquel\u00e9tico prevenindo les\u00f5es musculares, melhorando o t\u00f4nus, maximizando a recupera\u00e7\u00e3o p\u00f3s-treino e minimizando o risco de inflama\u00e7\u00f5es e les\u00f5es musculares; al\u00e9m de favorecer a atividade card\u00edaca e proteger o cora\u00e7\u00e3o dos radicais livres.<\/p>\n<p style=\"text-align: justify\">&#8211;\u00a0N\u00c3O CONT\u00c9M GL\u00daTEN.<\/p>\n","protected":false},"excerpt":{"rendered":"<p>\u00c9 o resultado da liga\u00e7\u00e3o do mineral magn\u00e9sio com o amino\u00e1cido taurina, proporcionando o sinergismo<a class=\"read-more\" href=\"https:\/\/www.emporioamazonervas.com.br\/index.php\/produto\/magnesio-taurato-60-caps-730mg-apisnutri\/\">&#8230;<\/a><\/p>\n","protected":false},"featured_media":2213,"comment_status":"open","ping_status":"closed","template":"","meta":[],"product_cat":[173],"product_tag":[572,573,571,570,574,175,321,137],"_links":{"self":[{"href":"https:\/\/www.emporioamazonervas.com.br\/index.php\/wp-json\/wp\/v2\/product\/2004"}],"collection":[{"href":"https:\/\/www.emporioamazonervas.com.br\/index.php\/wp-json\/wp\/v2\/product"}],"about":[{"href":"https:\/\/www.emporioamazonervas.com.br\/index.php\/wp-json\/wp\/v2\/types\/product"}],"replies":[{"embeddable":true,"href":"https:\/\/www.emporioamazonervas.com.br\/index.php\/wp-json\/wp\/v2\/comments?post=2004"}],"wp:featuredmedia":[{"embeddable":true,"href":"https:\/\/www.emporioamazonervas.com.br\/index.php\/wp-json\/wp\/v2\/media\/2213"}],"wp:attachment":[{"href":"https:\/\/www.emporioamazonervas.com.br\/index.php\/wp-json\/wp\/v2\/media?parent=2004"}],"wp:term":[{"taxonomy":"product_cat","embeddable":true,"href":"https:\/\/www.emporioamazonervas.com.br\/index.php\/wp-json\/wp\/v2\/product_cat?post=2004"},{"taxonomy":"product_tag","embeddable":true,"href":"https:\/\/www.emporioamazonervas.com.br\/index.php\/wp-json\/wp\/v2\/product_tag?post=2004"}],"curies":[{"name":"wp","href":"https:\/\/api.w.org\/{rel}","templated":true}]}}