{"id":1978,"date":"2022-08-27T12:59:14","date_gmt":"2022-08-27T15:59:14","guid":{"rendered":"http:\/\/www.emporioamazonervas.com.br\/?post_type=product&#038;p=1978"},"modified":"2022-11-08T10:49:36","modified_gmt":"2022-11-08T13:49:36","slug":"omega-3-tg-super-dha-90-caps-1000mg-sanavita","status":"publish","type":"product","link":"https:\/\/www.emporioamazonervas.com.br\/index.php\/produto\/omega-3-tg-super-dha-90-caps-1000mg-sanavita\/","title":{"rendered":"\u00d4mega 3 TG Super DHA 90 caps 1000mg &#8211; Sanavita"},"content":{"rendered":"<p style=\"text-align: justify\">\u00d4MEGA 3<sup>TG<\/sup>\u00a0SUPER DHA \u00e9 um suplemento alimentar com alto conte\u00fado de \u00f4mega 3 DHA e EPA na forma TG, a mesma encontrada na natureza, o que permite uma melhor absor\u00e7\u00e3o.<\/p>\n<p>Sua f\u00f3rmula concentra em uma \u00fanica c\u00e1psula: 500mg de DHA e 100mg de EPA (600mg de \u00f4mega 3) da fonte mais confi\u00e1vel de \u00f4mega 3. A alta tecnologia dessa marca garante qualidade e n\u00edvel de pureza, e, \u00e9 reconhecida pelo fornecimento de \u00f4mega 3 sustent\u00e1vel, sem sabor de peixe, que \u00e9 obtido por um sofisticado processo que elimina poluentes como merc\u00fario e outras impurezas.<\/p>\n<p>O encapsulamento \u00e9 feito em combina\u00e7\u00e3o com a vitamina E, que protege os \u00f4megas da oxida\u00e7\u00e3o e o corpo dos danos causados pela a\u00e7\u00e3o dos radicais livres.<\/p>\n<p><span class=\"b sanavita-m3-custom-0-x-strong sanavita-m3-custom-0-x-strong--poder-da-nutricao\">O Omega 3 da Sanavita \u00e9 recomendado para pessoas que procuram reduzir triglicer\u00eddeos, para gestantes e para quem busca manter a mente sempre saud\u00e1vel.<\/span><\/p>\n","protected":false},"excerpt":{"rendered":"<p>\u00d4MEGA 3TG\u00a0SUPER DHA \u00e9 um suplemento alimentar com alto conte\u00fado de \u00f4mega 3 DHA e<a class=\"read-more\" href=\"https:\/\/www.emporioamazonervas.com.br\/index.php\/produto\/omega-3-tg-super-dha-90-caps-1000mg-sanavita\/\">&#8230;<\/a><\/p>\n","protected":false},"featured_media":2437,"comment_status":"open","ping_status":"closed","template":"","meta":[],"product_cat":[173],"product_tag":[537,520,538,469,539,114],"_links":{"self":[{"href":"https:\/\/www.emporioamazonervas.com.br\/index.php\/wp-json\/wp\/v2\/product\/1978"}],"collection":[{"href":"https:\/\/www.emporioamazonervas.com.br\/index.php\/wp-json\/wp\/v2\/product"}],"about":[{"href":"https:\/\/www.emporioamazonervas.com.br\/index.php\/wp-json\/wp\/v2\/types\/product"}],"replies":[{"embeddable":true,"href":"https:\/\/www.emporioamazonervas.com.br\/index.php\/wp-json\/wp\/v2\/comments?post=1978"}],"wp:featuredmedia":[{"embeddable":true,"href":"https:\/\/www.emporioamazonervas.com.br\/index.php\/wp-json\/wp\/v2\/media\/2437"}],"wp:attachment":[{"href":"https:\/\/www.emporioamazonervas.com.br\/index.php\/wp-json\/wp\/v2\/media?parent=1978"}],"wp:term":[{"taxonomy":"product_cat","embeddable":true,"href":"https:\/\/www.emporioamazonervas.com.br\/index.php\/wp-json\/wp\/v2\/product_cat?post=1978"},{"taxonomy":"product_tag","embeddable":true,"href":"https:\/\/www.emporioamazonervas.com.br\/index.php\/wp-json\/wp\/v2\/product_tag?post=1978"}],"curies":[{"name":"wp","href":"https:\/\/api.w.org\/{rel}","templated":true}]}}