{"id":1976,"date":"2022-08-27T12:46:50","date_gmt":"2022-08-27T15:46:50","guid":{"rendered":"http:\/\/www.emporioamazonervas.com.br\/?post_type=product&#038;p=1976"},"modified":"2022-12-13T11:47:03","modified_gmt":"2022-12-13T14:47:03","slug":"curcuma-radix-curcumae-60-caps-500mg-clinicmais","status":"publish","type":"product","link":"https:\/\/www.emporioamazonervas.com.br\/index.php\/produto\/curcuma-radix-curcumae-60-caps-500mg-clinicmais\/","title":{"rendered":"C\u00farcuma Radix Curcumae 60 caps 500mg &#8211; ClinicMais"},"content":{"rendered":"<p style=\"text-align: justify\">Ajuda no tratamento de feridas cut\u00e2neas, flatul\u00eancias, dispepsia, artrite, desordens hep\u00e1ticas, icter\u00edcia e tosse.<\/p>\n","protected":false},"excerpt":{"rendered":"<p>Ajuda no tratamento de feridas cut\u00e2neas, flatul\u00eancias, dispepsia, artrite, desordens hep\u00e1ticas, icter\u00edcia e tosse.<\/p>\n","protected":false},"featured_media":2667,"comment_status":"open","ping_status":"closed","template":"","meta":[],"product_cat":[173],"product_tag":[533,531,532,534,535,536],"_links":{"self":[{"href":"https:\/\/www.emporioamazonervas.com.br\/index.php\/wp-json\/wp\/v2\/product\/1976"}],"collection":[{"href":"https:\/\/www.emporioamazonervas.com.br\/index.php\/wp-json\/wp\/v2\/product"}],"about":[{"href":"https:\/\/www.emporioamazonervas.com.br\/index.php\/wp-json\/wp\/v2\/types\/product"}],"replies":[{"embeddable":true,"href":"https:\/\/www.emporioamazonervas.com.br\/index.php\/wp-json\/wp\/v2\/comments?post=1976"}],"wp:featuredmedia":[{"embeddable":true,"href":"https:\/\/www.emporioamazonervas.com.br\/index.php\/wp-json\/wp\/v2\/media\/2667"}],"wp:attachment":[{"href":"https:\/\/www.emporioamazonervas.com.br\/index.php\/wp-json\/wp\/v2\/media?parent=1976"}],"wp:term":[{"taxonomy":"product_cat","embeddable":true,"href":"https:\/\/www.emporioamazonervas.com.br\/index.php\/wp-json\/wp\/v2\/product_cat?post=1976"},{"taxonomy":"product_tag","embeddable":true,"href":"https:\/\/www.emporioamazonervas.com.br\/index.php\/wp-json\/wp\/v2\/product_tag?post=1976"}],"curies":[{"name":"wp","href":"https:\/\/api.w.org\/{rel}","templated":true}]}}