{"id":1945,"date":"2022-08-27T09:36:38","date_gmt":"2022-08-27T12:36:38","guid":{"rendered":"http:\/\/www.emporioamazonervas.com.br\/?post_type=product&#038;p=1945"},"modified":"2022-09-17T12:34:09","modified_gmt":"2022-09-17T15:34:09","slug":"imuno-propolis-60-caps-450mg-clinicmais","status":"publish","type":"product","link":"https:\/\/www.emporioamazonervas.com.br\/index.php\/produto\/imuno-propolis-60-caps-450mg-clinicmais\/","title":{"rendered":"Imuno Pr\u00f3polis 60 caps 450mg &#8211; ClinicMais"},"content":{"rendered":"<p style=\"text-align: justify\">\u00c9\u00a0um aliado para refor\u00e7ar a imunidade, cont\u00e9m propriedades anti-inflamat\u00f3ria, com a\u00e7\u00e3o antioxidante, benef\u00edcios antibacterianos e antivirais e ajuda no combate aos radicais livres. Rico em vitaminas C e E.<\/p>\n<ul>\n<li style=\"text-align: justify\">As vitaminas C e E s\u00e3o antioxidantes que auxiliam na prote\u00e7\u00e3o dos danos causados pelos radicais livres.<\/li>\n<li style=\"text-align: justify\">A vitamina C auxilia no metabolismo energ\u00e9tico e no funcionamento do sistema imune.<\/li>\n<\/ul>\n","protected":false},"excerpt":{"rendered":"<p>\u00c9\u00a0um aliado para refor\u00e7ar a imunidade, cont\u00e9m propriedades anti-inflamat\u00f3ria, com a\u00e7\u00e3o antioxidante, benef\u00edcios antibacterianos e<a class=\"read-more\" href=\"https:\/\/www.emporioamazonervas.com.br\/index.php\/produto\/imuno-propolis-60-caps-450mg-clinicmais\/\">&#8230;<\/a><\/p>\n","protected":false},"featured_media":2241,"comment_status":"open","ping_status":"closed","template":"","meta":[],"product_cat":[173],"product_tag":[507,316,527,508,526,113],"_links":{"self":[{"href":"https:\/\/www.emporioamazonervas.com.br\/index.php\/wp-json\/wp\/v2\/product\/1945"}],"collection":[{"href":"https:\/\/www.emporioamazonervas.com.br\/index.php\/wp-json\/wp\/v2\/product"}],"about":[{"href":"https:\/\/www.emporioamazonervas.com.br\/index.php\/wp-json\/wp\/v2\/types\/product"}],"replies":[{"embeddable":true,"href":"https:\/\/www.emporioamazonervas.com.br\/index.php\/wp-json\/wp\/v2\/comments?post=1945"}],"wp:featuredmedia":[{"embeddable":true,"href":"https:\/\/www.emporioamazonervas.com.br\/index.php\/wp-json\/wp\/v2\/media\/2241"}],"wp:attachment":[{"href":"https:\/\/www.emporioamazonervas.com.br\/index.php\/wp-json\/wp\/v2\/media?parent=1945"}],"wp:term":[{"taxonomy":"product_cat","embeddable":true,"href":"https:\/\/www.emporioamazonervas.com.br\/index.php\/wp-json\/wp\/v2\/product_cat?post=1945"},{"taxonomy":"product_tag","embeddable":true,"href":"https:\/\/www.emporioamazonervas.com.br\/index.php\/wp-json\/wp\/v2\/product_tag?post=1945"}],"curies":[{"name":"wp","href":"https:\/\/api.w.org\/{rel}","templated":true}]}}