{"id":1910,"date":"2022-02-16T16:38:14","date_gmt":"2022-02-16T19:38:14","guid":{"rendered":"http:\/\/www.emporioamazonervas.com.br\/?post_type=product&#038;p=1910"},"modified":"2022-12-15T17:50:25","modified_gmt":"2022-12-15T20:50:25","slug":"desfadig-videira7-60cap-500mg","status":"publish","type":"product","link":"https:\/\/www.emporioamazonervas.com.br\/index.php\/produto\/desfadig-videira7-60cap-500mg\/","title":{"rendered":"Desfadig 60caps 500mg &#8211; Videira 7"},"content":{"rendered":"<p style=\"text-align: justify\">\u00c9 um suplemento a base de magn\u00e9sio, ferro, cafe\u00edna, zinco e vitaminas, ou seja, possui formula\u00e7\u00e3o perfeita para reduzir tanto o cansa\u00e7o f\u00edsico, quanto o mental, melhora o funcionamento muscular e auxilia a diminuir as dores de cabe\u00e7a.<\/p>\n<p style=\"text-align: justify\">Cont\u00e9m 60 c\u00e1psulas<\/p>\n<p style=\"text-align: justify\">Recomenda\u00e7\u00e3o de Uso: Consumir 2 c\u00e1psulas por dia ap\u00f3s a primeira refei\u00e7\u00e3o<\/p>\n<p style=\"text-align: justify\">N\u00c3O CONT\u00c9M GL\u00daTEN.<\/p>\n","protected":false},"excerpt":{"rendered":"<p>\u00c9 um suplemento a base de magn\u00e9sio, ferro, cafe\u00edna, zinco e vitaminas, ou seja, possui<a class=\"read-more\" href=\"https:\/\/www.emporioamazonervas.com.br\/index.php\/produto\/desfadig-videira7-60cap-500mg\/\">&#8230;<\/a><\/p>\n","protected":false},"featured_media":2717,"comment_status":"open","ping_status":"closed","template":"","meta":[],"product_cat":[173],"product_tag":[504,503,501,502,264],"_links":{"self":[{"href":"https:\/\/www.emporioamazonervas.com.br\/index.php\/wp-json\/wp\/v2\/product\/1910"}],"collection":[{"href":"https:\/\/www.emporioamazonervas.com.br\/index.php\/wp-json\/wp\/v2\/product"}],"about":[{"href":"https:\/\/www.emporioamazonervas.com.br\/index.php\/wp-json\/wp\/v2\/types\/product"}],"replies":[{"embeddable":true,"href":"https:\/\/www.emporioamazonervas.com.br\/index.php\/wp-json\/wp\/v2\/comments?post=1910"}],"wp:featuredmedia":[{"embeddable":true,"href":"https:\/\/www.emporioamazonervas.com.br\/index.php\/wp-json\/wp\/v2\/media\/2717"}],"wp:attachment":[{"href":"https:\/\/www.emporioamazonervas.com.br\/index.php\/wp-json\/wp\/v2\/media?parent=1910"}],"wp:term":[{"taxonomy":"product_cat","embeddable":true,"href":"https:\/\/www.emporioamazonervas.com.br\/index.php\/wp-json\/wp\/v2\/product_cat?post=1910"},{"taxonomy":"product_tag","embeddable":true,"href":"https:\/\/www.emporioamazonervas.com.br\/index.php\/wp-json\/wp\/v2\/product_tag?post=1910"}],"curies":[{"name":"wp","href":"https:\/\/api.w.org\/{rel}","templated":true}]}}