{"id":1755,"date":"2018-11-22T15:10:41","date_gmt":"2018-11-22T17:10:41","guid":{"rendered":"http:\/\/emporioamazonervas.com.br\/?post_type=product&#038;p=1755"},"modified":"2022-12-26T17:07:20","modified_gmt":"2022-12-26T20:07:20","slug":"picolinato-de-gromo-60-capsulas-500mg","status":"publish","type":"product","link":"https:\/\/www.emporioamazonervas.com.br\/index.php\/produto\/picolinato-de-gromo-60-capsulas-500mg\/","title":{"rendered":"Picolinato de Cromo 60 Caps 500mg &#8211; ClinicMais"},"content":{"rendered":"<p style=\"text-align: justify\">Picolinato de Cromo potencializa a a\u00e7\u00e3o da insulina com a fun\u00e7\u00e3o de promover a entrada de glicose sangu\u00ednea originada da nossa dieta para dentro da c\u00e9lula, onde ser\u00e1 transformada em energia; em algumas situa\u00e7\u00f5es ocorre o ac\u00famulo no sangue, resultando no aparecimento de um quadro de diabetes tipo 2. O cromo favorece a entrada da glicose para o interior da c\u00e9lula. Devido esse benef\u00edcio, o Picolinato de Cromo pode auxiliar pessoa com diabetes ou com resist\u00eancia a insulina.<\/p>\n<p style=\"text-align: justify\">Por fim, \u00e9 de grande valia no processo de manuten\u00e7\u00e3o de medidas saud\u00e1veis, pois favorece resist\u00eancia a insulina a picos de glicose no sangue que contribuem para reduzir a vontade de ingerir doces e carboidratos.<\/p>\n<p style=\"text-align: justify\"><strong>Benef\u00edcios \/ Especifica\u00e7\u00f5es:<\/strong><\/p>\n<ul>\n<li style=\"text-align: justify\">Fornece quantidade m\u00e1xima de Cromo por C\u00e1psula 35mcg;<\/li>\n<li style=\"text-align: justify\">Contribui para diminuir a vontade de ingerir doces e carboidratos;<\/li>\n<li style=\"text-align: justify\">Auxilia na manuten\u00e7\u00e3o de medidas saud\u00e1veis;<\/li>\n<li style=\"text-align: justify\">Favorece a entrada de insulina na c\u00e9lula.<\/li>\n<\/ul>\n","protected":false},"excerpt":{"rendered":"<p>O Picolinato de Cromo\u00a0contribue para reduzir a vontade de ingerir doces e carboidratos.<\/p>\n","protected":false},"featured_media":2785,"comment_status":"open","ping_status":"closed","template":"","meta":[],"product_cat":[173],"product_tag":[181,222,479,330,417],"_links":{"self":[{"href":"https:\/\/www.emporioamazonervas.com.br\/index.php\/wp-json\/wp\/v2\/product\/1755"}],"collection":[{"href":"https:\/\/www.emporioamazonervas.com.br\/index.php\/wp-json\/wp\/v2\/product"}],"about":[{"href":"https:\/\/www.emporioamazonervas.com.br\/index.php\/wp-json\/wp\/v2\/types\/product"}],"replies":[{"embeddable":true,"href":"https:\/\/www.emporioamazonervas.com.br\/index.php\/wp-json\/wp\/v2\/comments?post=1755"}],"wp:featuredmedia":[{"embeddable":true,"href":"https:\/\/www.emporioamazonervas.com.br\/index.php\/wp-json\/wp\/v2\/media\/2785"}],"wp:attachment":[{"href":"https:\/\/www.emporioamazonervas.com.br\/index.php\/wp-json\/wp\/v2\/media?parent=1755"}],"wp:term":[{"taxonomy":"product_cat","embeddable":true,"href":"https:\/\/www.emporioamazonervas.com.br\/index.php\/wp-json\/wp\/v2\/product_cat?post=1755"},{"taxonomy":"product_tag","embeddable":true,"href":"https:\/\/www.emporioamazonervas.com.br\/index.php\/wp-json\/wp\/v2\/product_tag?post=1755"}],"curies":[{"name":"wp","href":"https:\/\/api.w.org\/{rel}","templated":true}]}}