{"id":1704,"date":"2018-04-12T13:21:26","date_gmt":"2018-04-12T16:21:26","guid":{"rendered":"http:\/\/emporioamazonervas.com.br\/?post_type=product&#038;p=1704"},"modified":"2022-12-14T17:11:56","modified_gmt":"2022-12-14T20:11:56","slug":"gel-energy-vo2-tangerina-cafeina-30g","status":"publish","type":"product","link":"https:\/\/www.emporioamazonervas.com.br\/index.php\/produto\/gel-energy-vo2-tangerina-cafeina-30g\/","title":{"rendered":"Gel Energy VO2 Sabor: Tangerina 30g &#8211; IntegralM\u00e9dica"},"content":{"rendered":"<p style=\"text-align: justify\">\u00c9 um suplemento composto de carboidratos, cafe\u00edna e taurina que proporcionam um efeito ergog\u00eanico e aumento do estado de alerta durante os treinos. Proporciona energia suficiente para melhor rendimento, contendo tamb\u00e9m vitamina antioxidantes C e E, essenciais no combate dos radicais livres.<\/p>\n<p style=\"text-align: justify\"><strong>Benef\u00edcios:<\/strong><\/p>\n<ul>\n<li>Com carboidratos de r\u00e1pida absor\u00e7\u00e3o;<\/li>\n<li>Sem corantes artificiais;<\/li>\n<li>Com 18g de carboidratos;<\/li>\n<li>Favorece a hidrata\u00e7\u00e3o;<\/li>\n<li>Fornece 80mg de s\u00f3dio;<\/li>\n<li>Com 40mg de pot\u00e1ssio.<\/li>\n<\/ul>\n","protected":false},"excerpt":{"rendered":"<p>\u00c9 um suplemento composto de carboidratos, cafe\u00edna e taurina<\/p>\n","protected":false},"featured_media":2690,"comment_status":"open","ping_status":"closed","template":"","meta":[],"product_cat":[464],"product_tag":[136,402,466,42,84,137],"_links":{"self":[{"href":"https:\/\/www.emporioamazonervas.com.br\/index.php\/wp-json\/wp\/v2\/product\/1704"}],"collection":[{"href":"https:\/\/www.emporioamazonervas.com.br\/index.php\/wp-json\/wp\/v2\/product"}],"about":[{"href":"https:\/\/www.emporioamazonervas.com.br\/index.php\/wp-json\/wp\/v2\/types\/product"}],"replies":[{"embeddable":true,"href":"https:\/\/www.emporioamazonervas.com.br\/index.php\/wp-json\/wp\/v2\/comments?post=1704"}],"wp:featuredmedia":[{"embeddable":true,"href":"https:\/\/www.emporioamazonervas.com.br\/index.php\/wp-json\/wp\/v2\/media\/2690"}],"wp:attachment":[{"href":"https:\/\/www.emporioamazonervas.com.br\/index.php\/wp-json\/wp\/v2\/media?parent=1704"}],"wp:term":[{"taxonomy":"product_cat","embeddable":true,"href":"https:\/\/www.emporioamazonervas.com.br\/index.php\/wp-json\/wp\/v2\/product_cat?post=1704"},{"taxonomy":"product_tag","embeddable":true,"href":"https:\/\/www.emporioamazonervas.com.br\/index.php\/wp-json\/wp\/v2\/product_tag?post=1704"}],"curies":[{"name":"wp","href":"https:\/\/api.w.org\/{rel}","templated":true}]}}