{"id":1594,"date":"2017-12-26T20:02:14","date_gmt":"2017-12-26T22:02:14","guid":{"rendered":"http:\/\/emporioamazonervas.com.br\/?post_type=product&#038;p=1594"},"modified":"2022-11-22T17:47:57","modified_gmt":"2022-11-22T20:47:57","slug":"pasta-de-amendoim-integral-1005kg","status":"publish","type":"product","link":"https:\/\/www.emporioamazonervas.com.br\/index.php\/produto\/pasta-de-amendoim-integral-1005kg\/","title":{"rendered":"Pasta de Amendoim Tradicional Integral 1,005kg &#8211; Power1One"},"content":{"rendered":"<p style=\"text-align: justify\">A Pasta de Amendoim Power1One \u00e9 100% natural e integral, n\u00e3o possui a\u00e7\u00facar, s\u00f3dio, gordura trans, lactose e gl\u00faten. Ideal para dietas restritivas ou para quem quer comer algo saboroso sem culpa; possui baixo carboidrato e \u00e9 rica em prote\u00edna, \u00d4mega-3, \u00d4mega-6, Sel\u00eanio e Vitamina E.\u00a0 Em rela\u00e7\u00e3o a qualidade, seus insumos recebem cuidados especiais, que incluem rigorosa sele\u00e7\u00e3o de gr\u00e3os, an\u00e1lises f\u00edsico-qu\u00edmicas e microbiol\u00f3gicas, controle do processo produtivo, cuidado com a Seguran\u00e7a Alimentar, incluindo cumprimentos das normas de Boas Pr\u00e1ticas de Fabrica\u00e7\u00e3o e Controle de Pragas. Todo esse rigor objetiva a aprova\u00e7\u00e3o pelo Controle de Qualidade, garantindo todos os ingredientes como seguros e nutritivos.<\/p>\n<div class=\"box-characteristic clearfix\" style=\"text-align: justify\">\n<div class=\"right pull-right\">\n<div class=\"description\">Amendoim torrado e mo\u00eddo.<\/div>\n<\/div>\n<\/div>\n<div class=\"box-characteristic clearfix\">\n<div class=\"left pull-left\">\n<div class=\"title f2\" style=\"text-align: justify\"><span style=\"font-size: 1rem\">100% natural, Integral, Zero a\u00e7\u00facar, Zero s\u00f3dio, Zero gordura trans, Rica em prote\u00edna, Baixo carboidrato, \u00d4mega-3, \u00d4mega-6, Sel\u00eanio, Vitamina E, N\u00e3o cont\u00e9m gl\u00faten e lactose.<\/span><\/div>\n<\/div>\n<\/div>\n","protected":false},"excerpt":{"rendered":"<p>A Pasta de Amendoim Power1One \u00e9 100% natural e integral, n\u00e3o possui a\u00e7\u00facar, s\u00f3dio, gordura trans, lactose e gl\u00faten.<\/p>\n","protected":false},"featured_media":2536,"comment_status":"open","ping_status":"closed","template":"","meta":[],"product_cat":[427],"product_tag":[69,811,409,428,62,63,212,84,114],"_links":{"self":[{"href":"https:\/\/www.emporioamazonervas.com.br\/index.php\/wp-json\/wp\/v2\/product\/1594"}],"collection":[{"href":"https:\/\/www.emporioamazonervas.com.br\/index.php\/wp-json\/wp\/v2\/product"}],"about":[{"href":"https:\/\/www.emporioamazonervas.com.br\/index.php\/wp-json\/wp\/v2\/types\/product"}],"replies":[{"embeddable":true,"href":"https:\/\/www.emporioamazonervas.com.br\/index.php\/wp-json\/wp\/v2\/comments?post=1594"}],"wp:featuredmedia":[{"embeddable":true,"href":"https:\/\/www.emporioamazonervas.com.br\/index.php\/wp-json\/wp\/v2\/media\/2536"}],"wp:attachment":[{"href":"https:\/\/www.emporioamazonervas.com.br\/index.php\/wp-json\/wp\/v2\/media?parent=1594"}],"wp:term":[{"taxonomy":"product_cat","embeddable":true,"href":"https:\/\/www.emporioamazonervas.com.br\/index.php\/wp-json\/wp\/v2\/product_cat?post=1594"},{"taxonomy":"product_tag","embeddable":true,"href":"https:\/\/www.emporioamazonervas.com.br\/index.php\/wp-json\/wp\/v2\/product_tag?post=1594"}],"curies":[{"name":"wp","href":"https:\/\/api.w.org\/{rel}","templated":true}]}}