{"id":1514,"date":"2017-12-05T13:40:11","date_gmt":"2017-12-05T15:40:11","guid":{"rendered":"http:\/\/emporioamazonervas.com.br\/?post_type=product&#038;p=1514"},"modified":"2023-04-11T18:05:38","modified_gmt":"2023-04-11T21:05:38","slug":"instantaneo-de-cha-verde-com-abacaxihortla-200g","status":"publish","type":"product","link":"https:\/\/www.emporioamazonervas.com.br\/index.php\/produto\/instantaneo-de-cha-verde-com-abacaxihortla-200g\/","title":{"rendered":"Instant\u00e2neo de Ch\u00e1 Verde com Abacaxi\/Hortl\u00e3 &#8211; 200g"},"content":{"rendered":"<p>Ch\u00e1 verde instant\u00e2neo sabor de Abacaxi com Hortel\u00e3 \u00e9 rico em polifen\u00f3is e antocianinas, subst\u00e2ncias antioxidante que combatem a a\u00e7\u00e3o dos radicais livres que causam danos \u00e0s c\u00e9lulas, resultando em, por exemplo, envelhecimento precoce da pele.<br \/>\nNaturalmente produzidos pelo nosso organismo, os radicais livres s\u00e3o resultado de alguns h\u00e1bitos di\u00e1rios, como a m\u00e1 alimenta\u00e7\u00e3o, o estresse emocional, a exposi\u00e7\u00e3o \u00e0 polui\u00e7\u00e3o, entre outros.<\/p>\n<p><strong>Os polifen\u00f3is e as antocianinas tamb\u00e9m s\u00e3o capazes de:<\/strong><br \/>\nAgir como termog\u00eanico no organismo queimando calorias por acelerar o metabolismo;<br \/>\nMelhorar o fluxo sangu\u00edneo, mantendo a sa\u00fade cardiovascular, prevenindo doen\u00e7as como o infarto;<br \/>\nDiminuir as taxas de LDL (colesterol \u201cruim\u201d) do sangue, favorecendo a preven\u00e7\u00e3o de doen\u00e7as card\u00edacas;<br \/>\nAuxiliar na desintoxica\u00e7\u00e3o do organismo;<br \/>\nAgir como diur\u00e9tico e estimular o sistema imunol\u00f3gico.<\/p>\n<p><strong>Modo de preparo:<br \/>\n<\/strong>Adicione 1 colher de ch\u00e1, 5 grama, em um copo com 200ml de \u00e1gua gelada ou quente. Para que o produto dissolva por completo, aguarde 30 segundos e volte a mexer at\u00e9 ficar a seu gosto. Antes de usar, agite a embalagem.<\/p>\n<p><strong>Sugest\u00e3o:<\/strong>\u00a0Liquidificar com frutas e \/ ou sucos naturais.<\/p>\n","protected":false},"excerpt":{"rendered":"<p>Ch\u00e1 verde instant\u00e2neo sabor de Abacaxi com Hortel\u00e3 \u00e9 rico em polifen\u00f3is e antocianinas.<\/p>\n","protected":false},"featured_media":1518,"comment_status":"open","ping_status":"closed","template":"","meta":[],"product_cat":[131],"product_tag":[103,229,104,84,55,261],"_links":{"self":[{"href":"https:\/\/www.emporioamazonervas.com.br\/index.php\/wp-json\/wp\/v2\/product\/1514"}],"collection":[{"href":"https:\/\/www.emporioamazonervas.com.br\/index.php\/wp-json\/wp\/v2\/product"}],"about":[{"href":"https:\/\/www.emporioamazonervas.com.br\/index.php\/wp-json\/wp\/v2\/types\/product"}],"replies":[{"embeddable":true,"href":"https:\/\/www.emporioamazonervas.com.br\/index.php\/wp-json\/wp\/v2\/comments?post=1514"}],"wp:featuredmedia":[{"embeddable":true,"href":"https:\/\/www.emporioamazonervas.com.br\/index.php\/wp-json\/wp\/v2\/media\/1518"}],"wp:attachment":[{"href":"https:\/\/www.emporioamazonervas.com.br\/index.php\/wp-json\/wp\/v2\/media?parent=1514"}],"wp:term":[{"taxonomy":"product_cat","embeddable":true,"href":"https:\/\/www.emporioamazonervas.com.br\/index.php\/wp-json\/wp\/v2\/product_cat?post=1514"},{"taxonomy":"product_tag","embeddable":true,"href":"https:\/\/www.emporioamazonervas.com.br\/index.php\/wp-json\/wp\/v2\/product_tag?post=1514"}],"curies":[{"name":"wp","href":"https:\/\/api.w.org\/{rel}","templated":true}]}}