{"id":1511,"date":"2017-12-05T13:24:42","date_gmt":"2017-12-05T15:24:42","guid":{"rendered":"http:\/\/emporioamazonervas.com.br\/?post_type=product&#038;p=1511"},"modified":"2022-11-29T18:28:07","modified_gmt":"2022-11-29T21:28:07","slug":"cloreto-de-magnesio-p-a-33g","status":"publish","type":"product","link":"https:\/\/www.emporioamazonervas.com.br\/index.php\/produto\/cloreto-de-magnesio-p-a-33g\/","title":{"rendered":"Cloreto de Magn\u00e9sio P.A Sach\u00eas 33g &#8211; ClinicMais"},"content":{"rendered":"<p style=\"text-align: justify\">O magn\u00e9sio \u00e9 um dos minerais essenciais para a regenera\u00e7\u00e3o celular, e \u00e9 utilizado em mais de 350 rea\u00e7\u00f5es enzim\u00e1ticas no organismo, mais do que qualquer outro mineral. Ao lado de oxig\u00eanio e iodo, o magn\u00e9sio \u00e9 o terceiro elemento mais importante para sustentar a vida, assim como para proporcionar qualidade de vida. Estima-se que 80% da popula\u00e7\u00e3o dos pa\u00edses \u201cocidentais\u201d t\u00eam defici\u00eancia de magn\u00e9sio.<\/p>\n<p style=\"text-align: justify\"><strong>Benef\u00edcios:<\/strong><br \/>\n\u2022 Previne e combate os problemas derivados da artrite e artrose;<br \/>\n\u2022 R\u00e1pida absor\u00e7\u00e3o, proporcionando efeitos r\u00e1pidos e duradouros.<br \/>\n\u2022 \u00c9 um impressionante lutador contra infec\u00e7\u00f5es oportunistas.<br \/>\n\u2022 O magn\u00e9sio \u00e9 essencial para o funcionamento de centenas de processos enzim\u00e1ticos diferentes no corpo, particularmente aqueles que produzem, armazenam, transportam e utilizam a energia.<br \/>\n\u2022 Proporciona efic\u00e1cia contra: ins\u00f4nia, obesidade e enxaqueca;<br \/>\n\u2022 Reduz os sintomas da TPM .<br \/>\n\u2022 Promove a estabilidade emocional com o combate da depress\u00e3o, apatia, crises de raiva, nervosismo;<br \/>\n\u2022 Previne arritmia e ajuda na sa\u00fade do cora\u00e7\u00e3o.<br \/>\n\u2022 Muito usada no combate a ansiedade e fadiga cr\u00f4nica<br \/>\n\u2022 Combate a press\u00e3o arterial alta (hipertens\u00e3o), constipa\u00e7\u00e3o, diabetes, c\u00e3ibras musculares, problemas de mem\u00f3ria, dorm\u00eancia e formigamento e tiques nervosos.<\/p>\n<p style=\"text-align: justify\"><strong>Recomenda\u00e7\u00e3o de Uso:<\/strong>\u00a0Dissolva 33 gramas (1 sach\u00ea) de cloreto de magn\u00e9sio P.A. em 1 litro de \u00e1gua fria (filtrada ou fervida) e mexa bem. Guarde em um recipiente de vidro com tampa na geladeira. Sugere-se a ingest\u00e3o de 3 colheres de sopa, que corresponde a um copinho de caf\u00e9 (45ml) ao dia. Consumir a solu\u00e7\u00e3o em at\u00e9 30 dias.<\/p>\n","protected":false},"excerpt":{"rendered":"<p>O magn\u00e9sio \u00e9 um dos minerais essenciais para a regenera\u00e7\u00e3o celular, e \u00e9 utilizado em mais de 350 rea\u00e7\u00f5es enzim\u00e1ticas no organismo.<\/p>\n","protected":false},"featured_media":2584,"comment_status":"open","ping_status":"closed","template":"","meta":[],"product_cat":[131],"product_tag":[331,174,836,693,837,175,180,569,84,658,530],"_links":{"self":[{"href":"https:\/\/www.emporioamazonervas.com.br\/index.php\/wp-json\/wp\/v2\/product\/1511"}],"collection":[{"href":"https:\/\/www.emporioamazonervas.com.br\/index.php\/wp-json\/wp\/v2\/product"}],"about":[{"href":"https:\/\/www.emporioamazonervas.com.br\/index.php\/wp-json\/wp\/v2\/types\/product"}],"replies":[{"embeddable":true,"href":"https:\/\/www.emporioamazonervas.com.br\/index.php\/wp-json\/wp\/v2\/comments?post=1511"}],"wp:featuredmedia":[{"embeddable":true,"href":"https:\/\/www.emporioamazonervas.com.br\/index.php\/wp-json\/wp\/v2\/media\/2584"}],"wp:attachment":[{"href":"https:\/\/www.emporioamazonervas.com.br\/index.php\/wp-json\/wp\/v2\/media?parent=1511"}],"wp:term":[{"taxonomy":"product_cat","embeddable":true,"href":"https:\/\/www.emporioamazonervas.com.br\/index.php\/wp-json\/wp\/v2\/product_cat?post=1511"},{"taxonomy":"product_tag","embeddable":true,"href":"https:\/\/www.emporioamazonervas.com.br\/index.php\/wp-json\/wp\/v2\/product_tag?post=1511"}],"curies":[{"name":"wp","href":"https:\/\/api.w.org\/{rel}","templated":true}]}}