{"id":1389,"date":"2017-11-23T12:53:55","date_gmt":"2017-11-23T14:53:55","guid":{"rendered":"http:\/\/emporioamazonervas.com.br\/?post_type=product&#038;p=1389"},"modified":"2022-08-27T11:02:56","modified_gmt":"2022-08-27T14:02:56","slug":"oleo-de-primula-60-capsulas-1000mg","status":"publish","type":"product","link":"https:\/\/www.emporioamazonervas.com.br\/index.php\/produto\/oleo-de-primula-60-capsulas-1000mg\/","title":{"rendered":"\u00d3leo de Pr\u00edmula &#8211; 60 C\u00e1psulas 1000mg"},"content":{"rendered":"<p style=\"text-align: justify\">\u00c9 rico em \u00e1cidos graxos essenciais, com destaque para o \u00d4mega 6, que s\u00e3o gorduras &#8220;boas&#8221; e n\u00e3o produzidas pelo nosso organismo, sendo necess\u00e1rio obt\u00ea-las atrav\u00e9s de alimentos ou via suplementa\u00e7\u00e3o.<\/p>\n<p style=\"text-align: justify\">T\u00eam o efeito de amenizar sintomas da TPM, menopausa e sa\u00fade cardiovascular visto que atua no controle dos n\u00edveis de colesterol.<\/p>\n<ul style=\"text-align: justify\">\n<li>Auxilia tamb\u00e9m na hidrata\u00e7\u00e3o, elasticidade, firmeza\u00a0e sa\u00fade da pele.<\/li>\n<li>Na sa\u00fade cardiovascular, o \u00f3leo de pr\u00edmula mostra-se eficaz na melhora do fluxo sangu\u00edneo;<\/li>\n<\/ul>\n<p style=\"text-align: justify\">&#8211; N\u00c3O CONT\u00c9M GLUTEN.<\/p>\n<p style=\"text-align: justify\"><strong>Recomenda\u00e7\u00e3o de consumo:<\/strong><\/p>\n<p style=\"text-align: justify\">Ingerir 2 c\u00e1psulas ao dia, junto com as refei\u00e7\u00f5es.<\/p>\n","protected":false},"excerpt":{"rendered":"<p>O \u00f3leo de pr\u00edmula tem especial a\u00e7\u00e3o na sa\u00fade da mulher, auxiliando no controle dos sintomas da\u00a0TPM\u00a0e da\u00a0menopausa.<\/p>\n","protected":false},"featured_media":1390,"comment_status":"open","ping_status":"closed","template":"","meta":[],"product_cat":[173],"product_tag":[222,333,84,55],"_links":{"self":[{"href":"https:\/\/www.emporioamazonervas.com.br\/index.php\/wp-json\/wp\/v2\/product\/1389"}],"collection":[{"href":"https:\/\/www.emporioamazonervas.com.br\/index.php\/wp-json\/wp\/v2\/product"}],"about":[{"href":"https:\/\/www.emporioamazonervas.com.br\/index.php\/wp-json\/wp\/v2\/types\/product"}],"replies":[{"embeddable":true,"href":"https:\/\/www.emporioamazonervas.com.br\/index.php\/wp-json\/wp\/v2\/comments?post=1389"}],"wp:featuredmedia":[{"embeddable":true,"href":"https:\/\/www.emporioamazonervas.com.br\/index.php\/wp-json\/wp\/v2\/media\/1390"}],"wp:attachment":[{"href":"https:\/\/www.emporioamazonervas.com.br\/index.php\/wp-json\/wp\/v2\/media?parent=1389"}],"wp:term":[{"taxonomy":"product_cat","embeddable":true,"href":"https:\/\/www.emporioamazonervas.com.br\/index.php\/wp-json\/wp\/v2\/product_cat?post=1389"},{"taxonomy":"product_tag","embeddable":true,"href":"https:\/\/www.emporioamazonervas.com.br\/index.php\/wp-json\/wp\/v2\/product_tag?post=1389"}],"curies":[{"name":"wp","href":"https:\/\/api.w.org\/{rel}","templated":true}]}}