{"id":1387,"date":"2017-11-23T12:32:38","date_gmt":"2017-11-23T14:32:38","guid":{"rendered":"http:\/\/emporioamazonervas.com.br\/?post_type=product&#038;p=1387"},"modified":"2022-12-23T18:17:18","modified_gmt":"2022-12-23T21:17:18","slug":"oleo-de-primula-60-capsulas-500mg","status":"publish","type":"product","link":"https:\/\/www.emporioamazonervas.com.br\/index.php\/produto\/oleo-de-primula-60-capsulas-500mg\/","title":{"rendered":"\u00d3leo de Pr\u00edmula 60 Caps 500mg &#8211; Videira 7"},"content":{"rendered":"<p style=\"text-align: justify\">\u00a0O segredo do \u00f3leo da pr\u00edmula est\u00e1 nos \u00e1cidos graxos poli-insaturados, presentes na sua composi\u00e7\u00e3o, que n\u00e3o s\u00e3o produzidos naturalmente pelo organismo e precisam ser obtidos na dieta. Deles o mais importante \u00e9 o \u00e1cido gama linol\u00eanico (GLA).<\/p>\n<p style=\"text-align: justify\">O uso regular do \u00f3leo de pr\u00edmula oferece ao organismo elementos construtivos essenciais para o mecanismo de auto-regula\u00e7\u00e3o hormonal, contribui para o seu bom funcionamento e bem estar especialmente na velhice, ou no envelhecimento prematuro provocado por certas enfermidades.<\/p>\n<p style=\"text-align: justify\">Seu uso \u00e9 indicado para aliviar os sintomas da tens\u00e3o pr\u00e9-menstrual (TPM) nas mulheres, doen\u00e7as benignas e dores no seio, ajuda na redu\u00e7\u00e3o de quantidade de LDL (mau colesterol), ajuda na regula\u00e7\u00e3o da inflama\u00e7\u00e3o, a melhorar a tonicidade vascular, ajuda no controle da press\u00e3o sangu\u00ednea e a ativar os linf\u00f3citos, a manter a pele saud\u00e1vel e hidratada.<\/p>\n<p style=\"text-align: justify\"><strong>Recomenda\u00e7\u00f5es de Uso:<\/strong><br \/>\nIngerir 1 c\u00e1psula 2 vezes ao dia, preferencialmente antes das principais refei\u00e7\u00f5es.<\/p>\n","protected":false},"excerpt":{"rendered":"<p style=\"text-align: justify\">\u00d3leo de pr\u00edmula oferece ao organismo elementos construtivos essenciais para o mecanismo de auto-regula\u00e7\u00e3o hormonal.<\/p>\n","protected":false},"featured_media":2776,"comment_status":"open","ping_status":"closed","template":"","meta":[],"product_cat":[173],"product_tag":[240,333,84,530,55,261],"_links":{"self":[{"href":"https:\/\/www.emporioamazonervas.com.br\/index.php\/wp-json\/wp\/v2\/product\/1387"}],"collection":[{"href":"https:\/\/www.emporioamazonervas.com.br\/index.php\/wp-json\/wp\/v2\/product"}],"about":[{"href":"https:\/\/www.emporioamazonervas.com.br\/index.php\/wp-json\/wp\/v2\/types\/product"}],"replies":[{"embeddable":true,"href":"https:\/\/www.emporioamazonervas.com.br\/index.php\/wp-json\/wp\/v2\/comments?post=1387"}],"wp:featuredmedia":[{"embeddable":true,"href":"https:\/\/www.emporioamazonervas.com.br\/index.php\/wp-json\/wp\/v2\/media\/2776"}],"wp:attachment":[{"href":"https:\/\/www.emporioamazonervas.com.br\/index.php\/wp-json\/wp\/v2\/media?parent=1387"}],"wp:term":[{"taxonomy":"product_cat","embeddable":true,"href":"https:\/\/www.emporioamazonervas.com.br\/index.php\/wp-json\/wp\/v2\/product_cat?post=1387"},{"taxonomy":"product_tag","embeddable":true,"href":"https:\/\/www.emporioamazonervas.com.br\/index.php\/wp-json\/wp\/v2\/product_tag?post=1387"}],"curies":[{"name":"wp","href":"https:\/\/api.w.org\/{rel}","templated":true}]}}