{"id":1122,"date":"2017-10-21T13:15:04","date_gmt":"2017-10-21T15:15:04","guid":{"rendered":"http:\/\/emporioamazonervas.com.br\/?post_type=product&#038;p=1122"},"modified":"2022-10-25T12:59:36","modified_gmt":"2022-10-25T15:59:36","slug":"clorella-60-capsula-500mg","status":"publish","type":"product","link":"https:\/\/www.emporioamazonervas.com.br\/index.php\/produto\/clorella-60-capsula-500mg\/","title":{"rendered":"Clorella 100%  60 caps 500mg &#8211; Videira 7"},"content":{"rendered":"<p style=\"text-align: justify\">A clorella \u00e9 uma alga de \u00e1gua doce que \u00e9 considerada um dos alimentos mais modernos, vez que \u00e9 fonte de prote\u00ednas e nutrientes essenciais para o nosso organismo. Cont\u00e9m amino\u00e1cidos que s\u00e3o carentes na alimenta\u00e7\u00e3o regular do ser humano, mas que s\u00e3o indispens\u00e1veis hoje em dia para a sa\u00fade geral.<\/p>\n<ul>\n<li style=\"text-align: justify\">Regula a glicose;<\/li>\n<li style=\"text-align: justify\">Previne a anemia;<\/li>\n<li style=\"text-align: justify\">Estimula o crescimento e a reposi\u00e7\u00e3o de tecidos;<\/li>\n<li style=\"text-align: justify\">Rep\u00f5e vitaminas e sais minerais;<\/li>\n<li style=\"text-align: justify\">Reduz o apetite;<\/li>\n<li style=\"text-align: justify\">Auxilia na redu\u00e7\u00e3o de peso;<\/li>\n<li style=\"text-align: justify\">Refor\u00e7a o sistema imunol\u00f3gico;<\/li>\n<li style=\"text-align: justify\">Ajuda no controle da hipertens\u00e3o;<\/li>\n<li style=\"text-align: justify\">Regula a glicose do sangue;<\/li>\n<li style=\"text-align: justify\">Regula o aparelho digestivo.<\/li>\n<\/ul>\n","protected":false},"excerpt":{"rendered":"<p>A clorella \u00e9 uma alga de \u00e1gua doce que \u00e9 considerada um dos alimentos mais modernos.<\/p>\n<p>Estimula a recupera\u00e7\u00e3o dos tecidos, protege a integridade das c\u00e9lulas e melhora absor\u00e7\u00e3o de nutrientes.<\/p>\n<p>Excelente purificador org\u00e2nico que cont\u00e9m muitos nutrientes valiosos e poderoso aliado para a perda de peso.<\/p>\n<p>&nbsp;<\/p>\n<p>\u00c9 um estimulante do sistema imunol\u00f3gico e colabora tamb\u00e9m em casos de dist\u00farbios digestivos.<\/p>\n<p>&nbsp;<\/p>\n<ul>\n<li>Pode atuar como desintoxicante do organismo.<\/li>\n<\/ul>\n<p>&nbsp;<\/p>\n<ul>\n<li>Apresenta uma \u00f3tima fonte de vitaminas, minerais, fibras, enzimas, amino\u00e1cidos e carboidratos.<\/li>\n<\/ul>\n<p>&nbsp;<\/p>\n<p>-N\u00c3O CONT\u00c9M GL\u00daTEN.<\/p>\n","protected":false},"featured_media":2378,"comment_status":"closed","ping_status":"closed","template":"","meta":[],"product_cat":[173],"product_tag":[286,285,632,529,84,626,55],"_links":{"self":[{"href":"https:\/\/www.emporioamazonervas.com.br\/index.php\/wp-json\/wp\/v2\/product\/1122"}],"collection":[{"href":"https:\/\/www.emporioamazonervas.com.br\/index.php\/wp-json\/wp\/v2\/product"}],"about":[{"href":"https:\/\/www.emporioamazonervas.com.br\/index.php\/wp-json\/wp\/v2\/types\/product"}],"replies":[{"embeddable":true,"href":"https:\/\/www.emporioamazonervas.com.br\/index.php\/wp-json\/wp\/v2\/comments?post=1122"}],"wp:featuredmedia":[{"embeddable":true,"href":"https:\/\/www.emporioamazonervas.com.br\/index.php\/wp-json\/wp\/v2\/media\/2378"}],"wp:attachment":[{"href":"https:\/\/www.emporioamazonervas.com.br\/index.php\/wp-json\/wp\/v2\/media?parent=1122"}],"wp:term":[{"taxonomy":"product_cat","embeddable":true,"href":"https:\/\/www.emporioamazonervas.com.br\/index.php\/wp-json\/wp\/v2\/product_cat?post=1122"},{"taxonomy":"product_tag","embeddable":true,"href":"https:\/\/www.emporioamazonervas.com.br\/index.php\/wp-json\/wp\/v2\/product_tag?post=1122"}],"curies":[{"name":"wp","href":"https:\/\/api.w.org\/{rel}","templated":true}]}}